{"id":1023,"date":"2021-06-21T19:36:15","date_gmt":"2021-06-21T22:36:15","guid":{"rendered":"https:\/\/mhthobbyracing.com.ar\/?post_type=product&#038;p=1023"},"modified":"2025-12-03T12:16:41","modified_gmt":"2025-12-03T15:16:41","slug":"wolfpack-lipo","status":"publish","type":"product","link":"https:\/\/mhthobbyracing.com.ar\/index.php\/producto\/wolfpack-lipo\/","title":{"rendered":"Bater\u00eda LiPo 4200mAh 50C 7.6V"},"content":{"rendered":"<h1>Bater\u00eda LiPo 4200mAh 50C 7.6V<\/h1>\n<p>Las bater\u00edas WolfPack HV LiPo de Reedy satisfacen las demandas de rendimiento tanto del entusiasta casual como del corredor de profesional.<\/p>\n<p>Las generosas capacidades de descarga aumentan la potencia general y la velocidad m\u00e1xima, mientras que las altas capacidades extienden los tiempos de funcionamiento mucho m\u00e1s all\u00e1 de lo que es posible con bater\u00edas LiPo de menor calidad.<\/p>\n<p>Cada bater\u00eda cuenta con un estuche r\u00edgido moldeado para m\u00e1xima protecci\u00f3n contra choques en tama\u00f1os que se ajustan a las configuraciones de veh\u00edculos 1:10 en carretera y todo terreno m\u00e1s populares.<\/p>\n<p>Las t\u00e9cnicas de fabricaci\u00f3n y construcci\u00f3n de celdas de alta calidad dan como resultado un funcionamiento confiable y una vida \u00fatil m\u00e1xima.<\/p>\n<p>Los enchufes estilo competici\u00f3n de baja resistencia reducen la resistencia y aumentan la potencia de salida.<\/p>\n<p>La tecnolog\u00eda de bater\u00edas LiPo contin\u00faa progresando y Reedy se enorgullece de brindar un rendimiento mejorado a las masas.<\/p>\n<h5 class=\"mb-0\"><em><span>Caracter\u00edsticas:<\/span><\/em><\/h5>\n<ul>\n<li><b><span>Qu\u00edmica de las c\u00e9lulas HV LiPo<\/span><\/b><\/li>\n<li><b><span>Vasos de 5 mm de baja resistencia<\/span><\/b><\/li>\n<li><b><span>Puerto de equilibrio de 2 mm<\/span><\/b><\/li>\n<li><b><span>Estuche r\u00edgido duradero<\/span><\/b><\/li>\n<li><b><span>Precio de valor<\/span><\/b><\/li>\n<li><b><span>Construido seg\u00fan las especificaciones de ROAR<\/span><\/b><\/li>\n<\/ul>\n<h1><\/h1>\n<p>Visit\u00e1:<a href=\"https:\/\/www.associatedelectrics.com\/reedy\/parts\/details\/27318-ASC27318-wolfpack_hv-lipo_4200mah_50c_7_6v_shorty\/\">https:\/\/www.associatedelectrics.com\/reedy\/parts\/details\/27318-ASC27318-wolfpack_hv-lipo_4200mah_50c_7_6v_shorty\/<\/a><\/p>\n<p>Te puede interesar:<a href=\"https:\/\/mhthobbyracing.com.ar\/index.php\/producto\/reedy-zappers-5200\/\">https:\/\/mhthobbyracing.com.ar\/index.php\/producto\/reedy-zappers-5200\/<\/a><\/p>\n<p>Wolfpack lipo<\/p>\n<h1><\/h1>\n<table class=\"table table-sm table-responsive\">\n<tbody>\n<tr>\n<th>Capacidad:<\/th>\n<td>4200 mAh<\/td>\n<\/tr>\n<tr>\n<th>Voltaje:<\/th>\n<td>7,6 V HV<\/td>\n<\/tr>\n<tr>\n<th>Dimensiones (mm):<\/th>\n<td>95,4 x 46,3 x 24,5<\/td>\n<\/tr>\n<tr>\n<th>Max.\u00a0Corriente de carga:<\/th>\n<td>8.4A<\/td>\n<\/tr>\n<tr>\n<th>Corriente de descarga:<\/th>\n<td>50C<\/td>\n<\/tr>\n<tr>\n<th>Peso (gramos):<\/th>\n<td>187<\/td>\n<\/tr>\n<tr>\n<th>Enchufe:<\/th>\n<td>5 mm<\/td>\n<\/tr>\n<\/tbody>\n<\/table>\n","protected":false},"excerpt":{"rendered":"<p>En stock<\/p>\n","protected":false},"featured_media":1024,"comment_status":"open","ping_status":"closed","template":"","meta":{"site-sidebar-layout":"default","site-content-layout":"default","ast-site-content-layout":"","site-content-style":"default","site-sidebar-style":"default","ast-global-header-display":"","ast-banner-title-visibility":"","ast-main-header-display":"","ast-hfb-above-header-display":"","ast-hfb-below-header-display":"","ast-hfb-mobile-header-display":"","site-post-title":"","ast-breadcrumbs-content":"","ast-featured-img":"","footer-sml-layout":"","theme-transparent-header-meta":"default","adv-header-id-meta":"","stick-header-meta":"","header-above-stick-meta":"","header-main-stick-meta":"","header-below-stick-meta":"","astra-migrate-meta-layouts":"default","ast-page-background-enabled":"default","ast-page-background-meta":{"desktop":{"background-color":"","background-image":"","background-repeat":"repeat","background-position":"center center","background-size":"auto","background-attachment":"scroll","background-type":"","background-media":"","overlay-type":"","overlay-color":"","overlay-opacity":"","overlay-gradient":""},"tablet":{"background-color":"","background-image":"","background-repeat":"repeat","background-position":"center center","background-size":"auto","background-attachment":"scroll","background-type":"","background-media":"","overlay-type":"","overlay-color":"","overlay-opacity":"","overlay-gradient":""},"mobile":{"background-color":"","background-image":"","background-repeat":"repeat","background-position":"center center","background-size":"auto","background-attachment":"scroll","background-type":"","background-media":"","overlay-type":"","overlay-color":"","overlay-opacity":"","overlay-gradient":""}},"ast-content-background-meta":{"desktop":{"background-color":"var(--ast-global-color-5)","background-image":"","background-repeat":"repeat","background-position":"center center","background-size":"auto","background-attachment":"scroll","background-type":"","background-media":"","overlay-type":"","overlay-color":"","overlay-opacity":"","overlay-gradient":""},"tablet":{"background-color":"var(--ast-global-color-5)","background-image":"","background-repeat":"repeat","background-position":"center center","background-size":"auto","background-attachment":"scroll","background-type":"","background-media":"","overlay-type":"","overlay-color":"","overlay-opacity":"","overlay-gradient":""},"mobile":{"background-color":"var(--ast-global-color-5)","background-image":"","background-repeat":"repeat","background-position":"center center","background-size":"auto","background-attachment":"scroll","background-type":"","background-media":"","overlay-type":"","overlay-color":"","overlay-opacity":"","overlay-gradient":""}},"_joinchat":[]},"product_brand":[275],"product_cat":[29],"product_tag":[183],"class_list":{"0":"post-1023","1":"product","2":"type-product","3":"status-publish","4":"has-post-thumbnail","6":"product_brand-reedy","7":"product_cat-baterias","8":"product_tag-wolfpack-lipo","9":"desktop-align-left","10":"tablet-align-left","11":"mobile-align-left","13":"first","14":"instock","15":"shipping-taxable","16":"purchasable","17":"product-type-simple"},"yoast_head":"<!-- This site is optimized with the Yoast SEO plugin v27.5 - https:\/\/yoast.com\/product\/yoast-seo-wordpress\/ -->\n<title>WolfPack lipo - Bater\u00edas lipo 7.6v 4200mah. encontrala en MHTHOBBY<\/title>\n<meta name=\"description\" content=\"Las bater\u00edas WolfPack HV LiPo de Reedy - satisfacen las demandas de rendimiento tanto del hobbysta como del corredor profesional. MHTHOBBY\" \/>\n<meta name=\"robots\" content=\"index, follow, max-snippet:-1, max-image-preview:large, max-video-preview:-1\" \/>\n<link rel=\"canonical\" href=\"https:\/\/mhthobbyracing.com.ar\/index.php\/producto\/wolfpack-lipo\/\" \/>\n<meta property=\"og:locale\" content=\"es_ES\" \/>\n<meta property=\"og:type\" content=\"article\" \/>\n<meta property=\"og:title\" content=\"WolfPack lipo - Bater\u00edas lipo 7.6v 4200mah. encontrala en MHTHOBBY\" \/>\n<meta property=\"og:description\" content=\"Las bater\u00edas WolfPack HV LiPo de Reedy - satisfacen las demandas de rendimiento tanto del hobbysta como del corredor profesional. MHTHOBBY\" \/>\n<meta property=\"og:url\" content=\"https:\/\/mhthobbyracing.com.ar\/index.php\/producto\/wolfpack-lipo\/\" \/>\n<meta property=\"og:site_name\" content=\"Racing Team\" \/>\n<meta property=\"article:modified_time\" content=\"2025-12-03T15:16:41+00:00\" \/>\n<meta property=\"og:image\" content=\"https:\/\/mhthobbyracing.com.ar\/wp-content\/uploads\/2021\/06\/27318_md.jpg\" \/>\n\t<meta property=\"og:image:width\" content=\"500\" \/>\n\t<meta property=\"og:image:height\" content=\"320\" \/>\n\t<meta property=\"og:image:type\" content=\"image\/jpeg\" \/>\n<meta name=\"twitter:card\" content=\"summary_large_image\" \/>\n<meta name=\"twitter:label1\" content=\"Tiempo de lectura\" \/>\n\t<meta name=\"twitter:data1\" content=\"1 minuto\" \/>\n<script type=\"application\/ld+json\" class=\"yoast-schema-graph\">{\"@context\":\"https:\\\/\\\/schema.org\",\"@graph\":[{\"@type\":\"WebPage\",\"@id\":\"https:\\\/\\\/mhthobbyracing.com.ar\\\/index.php\\\/producto\\\/wolfpack-lipo\\\/\",\"url\":\"https:\\\/\\\/mhthobbyracing.com.ar\\\/index.php\\\/producto\\\/wolfpack-lipo\\\/\",\"name\":\"WolfPack lipo - Bater\u00edas lipo 7.6v 4200mah. encontrala en MHTHOBBY\",\"isPartOf\":{\"@id\":\"https:\\\/\\\/mhthobbyracing.com.ar\\\/#website\"},\"primaryImageOfPage\":{\"@id\":\"https:\\\/\\\/mhthobbyracing.com.ar\\\/index.php\\\/producto\\\/wolfpack-lipo\\\/#primaryimage\"},\"image\":{\"@id\":\"https:\\\/\\\/mhthobbyracing.com.ar\\\/index.php\\\/producto\\\/wolfpack-lipo\\\/#primaryimage\"},\"thumbnailUrl\":\"https:\\\/\\\/mhthobbyracing.com.ar\\\/wp-content\\\/uploads\\\/2021\\\/06\\\/27318_md.jpg\",\"datePublished\":\"2021-06-21T22:36:15+00:00\",\"dateModified\":\"2025-12-03T15:16:41+00:00\",\"description\":\"Las bater\u00edas WolfPack HV LiPo de Reedy - satisfacen las demandas de rendimiento tanto del hobbysta como del corredor profesional. MHTHOBBY\",\"breadcrumb\":{\"@id\":\"https:\\\/\\\/mhthobbyracing.com.ar\\\/index.php\\\/producto\\\/wolfpack-lipo\\\/#breadcrumb\"},\"inLanguage\":\"es-AR\",\"potentialAction\":[{\"@type\":\"ReadAction\",\"target\":[\"https:\\\/\\\/mhthobbyracing.com.ar\\\/index.php\\\/producto\\\/wolfpack-lipo\\\/\"]}]},{\"@type\":\"ImageObject\",\"inLanguage\":\"es-AR\",\"@id\":\"https:\\\/\\\/mhthobbyracing.com.ar\\\/index.php\\\/producto\\\/wolfpack-lipo\\\/#primaryimage\",\"url\":\"https:\\\/\\\/mhthobbyracing.com.ar\\\/wp-content\\\/uploads\\\/2021\\\/06\\\/27318_md.jpg\",\"contentUrl\":\"https:\\\/\\\/mhthobbyracing.com.ar\\\/wp-content\\\/uploads\\\/2021\\\/06\\\/27318_md.jpg\",\"width\":500,\"height\":320,\"caption\":\"Lipo 7,6v 4200 mah\"},{\"@type\":\"BreadcrumbList\",\"@id\":\"https:\\\/\\\/mhthobbyracing.com.ar\\\/index.php\\\/producto\\\/wolfpack-lipo\\\/#breadcrumb\",\"itemListElement\":[{\"@type\":\"ListItem\",\"position\":1,\"name\":\"Inicio\",\"item\":\"https:\\\/\\\/mhthobbyracing.com.ar\\\/\"},{\"@type\":\"ListItem\",\"position\":2,\"name\":\"Productos\",\"item\":\"https:\\\/\\\/mhthobbyracing.com.ar\\\/index.php\\\/inicio\\\/tienda\\\/\"},{\"@type\":\"ListItem\",\"position\":3,\"name\":\"Bater\u00eda LiPo 4200mAh 50C 7.6V\"}]},{\"@type\":\"WebSite\",\"@id\":\"https:\\\/\\\/mhthobbyracing.com.ar\\\/#website\",\"url\":\"https:\\\/\\\/mhthobbyracing.com.ar\\\/\",\"name\":\"MHT-Hobby- Racing Team\",\"description\":\"Hobby Automodelismo\",\"publisher\":{\"@id\":\"https:\\\/\\\/mhthobbyracing.com.ar\\\/#\\\/schema\\\/person\\\/a6a6ed9c2713fc1826eb2541c6a3e9d1\"},\"potentialAction\":[{\"@type\":\"SearchAction\",\"target\":{\"@type\":\"EntryPoint\",\"urlTemplate\":\"https:\\\/\\\/mhthobbyracing.com.ar\\\/?s={search_term_string}\"},\"query-input\":{\"@type\":\"PropertyValueSpecification\",\"valueRequired\":true,\"valueName\":\"search_term_string\"}}],\"inLanguage\":\"es-AR\"},{\"@type\":[\"Person\",\"Organization\"],\"@id\":\"https:\\\/\\\/mhthobbyracing.com.ar\\\/#\\\/schema\\\/person\\\/a6a6ed9c2713fc1826eb2541c6a3e9d1\",\"name\":\"ecomusicpm\",\"image\":{\"@type\":\"ImageObject\",\"inLanguage\":\"es-AR\",\"@id\":\"https:\\\/\\\/mhthobbyracing.com.ar\\\/wp-content\\\/uploads\\\/2020\\\/05\\\/cropped-LOGO-MHT16523-1.png\",\"url\":\"https:\\\/\\\/mhthobbyracing.com.ar\\\/wp-content\\\/uploads\\\/2020\\\/05\\\/cropped-LOGO-MHT16523-1.png\",\"contentUrl\":\"https:\\\/\\\/mhthobbyracing.com.ar\\\/wp-content\\\/uploads\\\/2020\\\/05\\\/cropped-LOGO-MHT16523-1.png\",\"width\":1578,\"height\":564,\"caption\":\"ecomusicpm\"},\"logo\":{\"@id\":\"https:\\\/\\\/mhthobbyracing.com.ar\\\/wp-content\\\/uploads\\\/2020\\\/05\\\/cropped-LOGO-MHT16523-1.png\"},\"sameAs\":[\"http:\\\/\\\/mhthobbyracing.com.ar\"]}]}<\/script>\n<!-- \/ Yoast SEO plugin. -->","yoast_head_json":{"title":"WolfPack lipo - Bater\u00edas lipo 7.6v 4200mah. encontrala en MHTHOBBY","description":"Las bater\u00edas WolfPack HV LiPo de Reedy - satisfacen las demandas de rendimiento tanto del hobbysta como del corredor profesional. MHTHOBBY","robots":{"index":"index","follow":"follow","max-snippet":"max-snippet:-1","max-image-preview":"max-image-preview:large","max-video-preview":"max-video-preview:-1"},"canonical":"https:\/\/mhthobbyracing.com.ar\/index.php\/producto\/wolfpack-lipo\/","og_locale":"es_ES","og_type":"article","og_title":"WolfPack lipo - Bater\u00edas lipo 7.6v 4200mah. encontrala en MHTHOBBY","og_description":"Las bater\u00edas WolfPack HV LiPo de Reedy - satisfacen las demandas de rendimiento tanto del hobbysta como del corredor profesional. MHTHOBBY","og_url":"https:\/\/mhthobbyracing.com.ar\/index.php\/producto\/wolfpack-lipo\/","og_site_name":"Racing Team","article_modified_time":"2025-12-03T15:16:41+00:00","og_image":[{"width":500,"height":320,"url":"https:\/\/mhthobbyracing.com.ar\/wp-content\/uploads\/2021\/06\/27318_md.jpg","type":"image\/jpeg"}],"twitter_card":"summary_large_image","twitter_misc":{"Tiempo de lectura":"1 minuto"},"schema":{"@context":"https:\/\/schema.org","@graph":[{"@type":"WebPage","@id":"https:\/\/mhthobbyracing.com.ar\/index.php\/producto\/wolfpack-lipo\/","url":"https:\/\/mhthobbyracing.com.ar\/index.php\/producto\/wolfpack-lipo\/","name":"WolfPack lipo - Bater\u00edas lipo 7.6v 4200mah. encontrala en MHTHOBBY","isPartOf":{"@id":"https:\/\/mhthobbyracing.com.ar\/#website"},"primaryImageOfPage":{"@id":"https:\/\/mhthobbyracing.com.ar\/index.php\/producto\/wolfpack-lipo\/#primaryimage"},"image":{"@id":"https:\/\/mhthobbyracing.com.ar\/index.php\/producto\/wolfpack-lipo\/#primaryimage"},"thumbnailUrl":"https:\/\/mhthobbyracing.com.ar\/wp-content\/uploads\/2021\/06\/27318_md.jpg","datePublished":"2021-06-21T22:36:15+00:00","dateModified":"2025-12-03T15:16:41+00:00","description":"Las bater\u00edas WolfPack HV LiPo de Reedy - satisfacen las demandas de rendimiento tanto del hobbysta como del corredor profesional. MHTHOBBY","breadcrumb":{"@id":"https:\/\/mhthobbyracing.com.ar\/index.php\/producto\/wolfpack-lipo\/#breadcrumb"},"inLanguage":"es-AR","potentialAction":[{"@type":"ReadAction","target":["https:\/\/mhthobbyracing.com.ar\/index.php\/producto\/wolfpack-lipo\/"]}]},{"@type":"ImageObject","inLanguage":"es-AR","@id":"https:\/\/mhthobbyracing.com.ar\/index.php\/producto\/wolfpack-lipo\/#primaryimage","url":"https:\/\/mhthobbyracing.com.ar\/wp-content\/uploads\/2021\/06\/27318_md.jpg","contentUrl":"https:\/\/mhthobbyracing.com.ar\/wp-content\/uploads\/2021\/06\/27318_md.jpg","width":500,"height":320,"caption":"Lipo 7,6v 4200 mah"},{"@type":"BreadcrumbList","@id":"https:\/\/mhthobbyracing.com.ar\/index.php\/producto\/wolfpack-lipo\/#breadcrumb","itemListElement":[{"@type":"ListItem","position":1,"name":"Inicio","item":"https:\/\/mhthobbyracing.com.ar\/"},{"@type":"ListItem","position":2,"name":"Productos","item":"https:\/\/mhthobbyracing.com.ar\/index.php\/inicio\/tienda\/"},{"@type":"ListItem","position":3,"name":"Bater\u00eda LiPo 4200mAh 50C 7.6V"}]},{"@type":"WebSite","@id":"https:\/\/mhthobbyracing.com.ar\/#website","url":"https:\/\/mhthobbyracing.com.ar\/","name":"MHT-Hobby- Racing Team","description":"Hobby Automodelismo","publisher":{"@id":"https:\/\/mhthobbyracing.com.ar\/#\/schema\/person\/a6a6ed9c2713fc1826eb2541c6a3e9d1"},"potentialAction":[{"@type":"SearchAction","target":{"@type":"EntryPoint","urlTemplate":"https:\/\/mhthobbyracing.com.ar\/?s={search_term_string}"},"query-input":{"@type":"PropertyValueSpecification","valueRequired":true,"valueName":"search_term_string"}}],"inLanguage":"es-AR"},{"@type":["Person","Organization"],"@id":"https:\/\/mhthobbyracing.com.ar\/#\/schema\/person\/a6a6ed9c2713fc1826eb2541c6a3e9d1","name":"ecomusicpm","image":{"@type":"ImageObject","inLanguage":"es-AR","@id":"https:\/\/mhthobbyracing.com.ar\/wp-content\/uploads\/2020\/05\/cropped-LOGO-MHT16523-1.png","url":"https:\/\/mhthobbyracing.com.ar\/wp-content\/uploads\/2020\/05\/cropped-LOGO-MHT16523-1.png","contentUrl":"https:\/\/mhthobbyracing.com.ar\/wp-content\/uploads\/2020\/05\/cropped-LOGO-MHT16523-1.png","width":1578,"height":564,"caption":"ecomusicpm"},"logo":{"@id":"https:\/\/mhthobbyracing.com.ar\/wp-content\/uploads\/2020\/05\/cropped-LOGO-MHT16523-1.png"},"sameAs":["http:\/\/mhthobbyracing.com.ar"]}]}},"_links":{"self":[{"href":"https:\/\/mhthobbyracing.com.ar\/index.php\/wp-json\/wp\/v2\/product\/1023","targetHints":{"allow":["GET"]}}],"collection":[{"href":"https:\/\/mhthobbyracing.com.ar\/index.php\/wp-json\/wp\/v2\/product"}],"about":[{"href":"https:\/\/mhthobbyracing.com.ar\/index.php\/wp-json\/wp\/v2\/types\/product"}],"replies":[{"embeddable":true,"href":"https:\/\/mhthobbyracing.com.ar\/index.php\/wp-json\/wp\/v2\/comments?post=1023"}],"wp:featuredmedia":[{"embeddable":true,"href":"https:\/\/mhthobbyracing.com.ar\/index.php\/wp-json\/wp\/v2\/media\/1024"}],"wp:attachment":[{"href":"https:\/\/mhthobbyracing.com.ar\/index.php\/wp-json\/wp\/v2\/media?parent=1023"}],"wp:term":[{"taxonomy":"product_brand","embeddable":true,"href":"https:\/\/mhthobbyracing.com.ar\/index.php\/wp-json\/wp\/v2\/product_brand?post=1023"},{"taxonomy":"product_cat","embeddable":true,"href":"https:\/\/mhthobbyracing.com.ar\/index.php\/wp-json\/wp\/v2\/product_cat?post=1023"},{"taxonomy":"product_tag","embeddable":true,"href":"https:\/\/mhthobbyracing.com.ar\/index.php\/wp-json\/wp\/v2\/product_tag?post=1023"}],"curies":[{"name":"wp","href":"https:\/\/api.w.org\/{rel}","templated":true}]}}