{"id":1849,"date":"2025-10-05T21:25:49","date_gmt":"2025-10-06T00:25:49","guid":{"rendered":"https:\/\/mhthobbyracing.com.ar\/?post_type=product&#038;p=1849"},"modified":"2025-12-03T11:59:59","modified_gmt":"2025-12-03T14:59:59","slug":"combo-motor-os-speed-b21-adam-drake-edition-iii-con-t-2090sc","status":"publish","type":"product","link":"https:\/\/mhthobbyracing.com.ar\/index.php\/producto\/combo-motor-os-speed-b21-adam-drake-edition-iii-con-t-2090sc\/","title":{"rendered":"COMBO MOTOR OS SPEED B21 ADAM DRAKE EDITION III CON T-2090SC"},"content":{"rendered":"<h5 class=\"h1 product-detail-name\">COMBO MOTOR OS SPEED B21 ADAM DRAKE EDITION III CON T-2090SC<\/h5>\n<p>&nbsp;<\/p>\n<h4 class=\"title-info-product\">Descripci\u00f3n<\/h4>\n<div class=\"product-description\">\n<p>\u00c9ste es el combo de motor OS SPEED B21 Adam Drake Edition 3 con escape TR2090SC EFRA 2089 y TB02.<\/p>\n<p>OS SPEED B21 Adam Drake Edition 3 ha sido desarrollado por el piloto Adam Drake en colaboraci\u00f3n con O.S.<br \/>\nGracias a los cambios realizados a la versi\u00f3n anterior, el motor funciona con mayor suavidad y facilita a\u00fan m\u00e1s la conducci\u00f3n. El motor se presenta con una culata bicolor y un nuevo sise\u00f1o para reducir el peso y bajar el centro de gravedad y mejorar el rendimiento. Puede elegir entre dos venturies, 6.5II para buggy y 7.5 principalmente para truggy.<\/p>\n<p>Especificaciones tr\u00e9cnicas:<br \/>\nDisplacement? 3.49ccm<br \/>\nBore: 16.4mm<br \/>\nStroke: 16.55mm<br \/>\nOutput: 2.65 ps &#8211; 34,000 r.p.m.<br \/>\nPractical r.p.m.Range: 4,000-42,000 r.p.m.<br \/>\nWeight: 350g<\/p>\n<p>Visit\u00e0:<a href=\"https:\/\/www.os-engines.co.jp\/english\/line_up\/speed\/n_B21ad.html\">https:\/\/www.os-engines.co.jp\/english\/line_up\/speed\/n_B21ad.html<\/a><\/p>\n<p>Te puede interesar:<a href=\"https:\/\/mhthobbyracing.com.ar\/index.php\/categoria-producto\/motores-nitro\/\">https:\/\/mhthobbyracing.com.ar\/index.php\/categoria-producto\/motores-nitro\/<\/a><\/p>\n<\/div>\n","protected":false},"excerpt":{"rendered":"<p>En Stock !!!<\/p>\n<p>Consultar!!<\/p>\n","protected":false},"featured_media":1850,"comment_status":"closed","ping_status":"closed","template":"","meta":{"site-sidebar-layout":"default","site-content-layout":"","ast-site-content-layout":"default","site-content-style":"default","site-sidebar-style":"default","ast-global-header-display":"","ast-banner-title-visibility":"","ast-main-header-display":"","ast-hfb-above-header-display":"","ast-hfb-below-header-display":"","ast-hfb-mobile-header-display":"","site-post-title":"","ast-breadcrumbs-content":"","ast-featured-img":"","footer-sml-layout":"","theme-transparent-header-meta":"default","adv-header-id-meta":"","stick-header-meta":"","header-above-stick-meta":"","header-main-stick-meta":"","header-below-stick-meta":"","astra-migrate-meta-layouts":"set","ast-page-background-enabled":"default","ast-page-background-meta":{"desktop":{"background-color":"","background-image":"","background-repeat":"repeat","background-position":"center center","background-size":"auto","background-attachment":"scroll","background-type":"","background-media":"","overlay-type":"","overlay-color":"","overlay-opacity":"","overlay-gradient":""},"tablet":{"background-color":"","background-image":"","background-repeat":"repeat","background-position":"center center","background-size":"auto","background-attachment":"scroll","background-type":"","background-media":"","overlay-type":"","overlay-color":"","overlay-opacity":"","overlay-gradient":""},"mobile":{"background-color":"","background-image":"","background-repeat":"repeat","background-position":"center center","background-size":"auto","background-attachment":"scroll","background-type":"","background-media":"","overlay-type":"","overlay-color":"","overlay-opacity":"","overlay-gradient":""}},"ast-content-background-meta":{"desktop":{"background-color":"var(--ast-global-color-5)","background-image":"","background-repeat":"repeat","background-position":"center center","background-size":"auto","background-attachment":"scroll","background-type":"","background-media":"","overlay-type":"","overlay-color":"","overlay-opacity":"","overlay-gradient":""},"tablet":{"background-color":"var(--ast-global-color-5)","background-image":"","background-repeat":"repeat","background-position":"center center","background-size":"auto","background-attachment":"scroll","background-type":"","background-media":"","overlay-type":"","overlay-color":"","overlay-opacity":"","overlay-gradient":""},"mobile":{"background-color":"var(--ast-global-color-5)","background-image":"","background-repeat":"repeat","background-position":"center center","background-size":"auto","background-attachment":"scroll","background-type":"","background-media":"","overlay-type":"","overlay-color":"","overlay-opacity":"","overlay-gradient":""}},"_joinchat":[]},"product_brand":[270],"product_cat":[27],"product_tag":[261],"class_list":{"0":"post-1849","1":"product","2":"type-product","3":"status-publish","4":"has-post-thumbnail","6":"product_brand-o-s-engines","7":"product_cat-motores-nitro","8":"product_tag-motor-os-speed-b21-adam-drake","9":"desktop-align-left","10":"tablet-align-left","11":"mobile-align-left","13":"first","14":"instock","15":"shipping-taxable","16":"purchasable","17":"product-type-simple"},"yoast_head":"<!-- This site is optimized with the Yoast SEO plugin v27.5 - https:\/\/yoast.com\/product\/yoast-seo-wordpress\/ -->\n<title>MOTOR OS SPEED B21 ADAM DRAKE- est\u00e1 en MHTHOBBY<\/title>\n<meta name=\"description\" content=\"MOTOR OS SPEED B21 ADAM DRAKE - OS SPEED B21 Adam Drake Edition 3 ha sido desarrollado por el piloto Adam Drake en colaboraci\u00f3n con O.S.\" \/>\n<meta name=\"robots\" content=\"index, follow, max-snippet:-1, max-image-preview:large, max-video-preview:-1\" \/>\n<link rel=\"canonical\" href=\"https:\/\/mhthobbyracing.com.ar\/index.php\/producto\/combo-motor-os-speed-b21-adam-drake-edition-iii-con-t-2090sc\/\" \/>\n<meta property=\"og:locale\" content=\"es_ES\" \/>\n<meta property=\"og:type\" content=\"article\" \/>\n<meta property=\"og:title\" content=\"MOTOR OS SPEED B21 ADAM DRAKE- est\u00e1 en MHTHOBBY\" \/>\n<meta property=\"og:description\" content=\"MOTOR OS SPEED B21 ADAM DRAKE - OS SPEED B21 Adam Drake Edition 3 ha sido desarrollado por el piloto Adam Drake en colaboraci\u00f3n con O.S.\" \/>\n<meta property=\"og:url\" content=\"https:\/\/mhthobbyracing.com.ar\/index.php\/producto\/combo-motor-os-speed-b21-adam-drake-edition-iii-con-t-2090sc\/\" \/>\n<meta property=\"og:site_name\" content=\"Racing Team\" \/>\n<meta property=\"article:modified_time\" content=\"2025-12-03T14:59:59+00:00\" \/>\n<meta property=\"og:image\" content=\"https:\/\/mhthobbyracing.com.ar\/wp-content\/uploads\/2025\/10\/combo-motor-os-speed-b21-adam-drake-edition-iii-con-t-2100sc.jpg\" \/>\n\t<meta property=\"og:image:width\" content=\"800\" \/>\n\t<meta property=\"og:image:height\" content=\"800\" \/>\n\t<meta property=\"og:image:type\" content=\"image\/jpeg\" \/>\n<meta name=\"twitter:card\" content=\"summary_large_image\" \/>\n<meta name=\"twitter:label1\" content=\"Tiempo de lectura\" \/>\n\t<meta name=\"twitter:data1\" content=\"1 minuto\" \/>\n<script type=\"application\/ld+json\" class=\"yoast-schema-graph\">{\"@context\":\"https:\\\/\\\/schema.org\",\"@graph\":[{\"@type\":\"WebPage\",\"@id\":\"https:\\\/\\\/mhthobbyracing.com.ar\\\/index.php\\\/producto\\\/combo-motor-os-speed-b21-adam-drake-edition-iii-con-t-2090sc\\\/\",\"url\":\"https:\\\/\\\/mhthobbyracing.com.ar\\\/index.php\\\/producto\\\/combo-motor-os-speed-b21-adam-drake-edition-iii-con-t-2090sc\\\/\",\"name\":\"MOTOR OS SPEED B21 ADAM DRAKE- est\u00e1 en MHTHOBBY\",\"isPartOf\":{\"@id\":\"https:\\\/\\\/mhthobbyracing.com.ar\\\/#website\"},\"primaryImageOfPage\":{\"@id\":\"https:\\\/\\\/mhthobbyracing.com.ar\\\/index.php\\\/producto\\\/combo-motor-os-speed-b21-adam-drake-edition-iii-con-t-2090sc\\\/#primaryimage\"},\"image\":{\"@id\":\"https:\\\/\\\/mhthobbyracing.com.ar\\\/index.php\\\/producto\\\/combo-motor-os-speed-b21-adam-drake-edition-iii-con-t-2090sc\\\/#primaryimage\"},\"thumbnailUrl\":\"https:\\\/\\\/mhthobbyracing.com.ar\\\/wp-content\\\/uploads\\\/2025\\\/10\\\/combo-motor-os-speed-b21-adam-drake-edition-iii-con-t-2100sc.jpg\",\"datePublished\":\"2025-10-06T00:25:49+00:00\",\"dateModified\":\"2025-12-03T14:59:59+00:00\",\"description\":\"MOTOR OS SPEED B21 ADAM DRAKE - OS SPEED B21 Adam Drake Edition 3 ha sido desarrollado por el piloto Adam Drake en colaboraci\u00f3n con O.S.\",\"breadcrumb\":{\"@id\":\"https:\\\/\\\/mhthobbyracing.com.ar\\\/index.php\\\/producto\\\/combo-motor-os-speed-b21-adam-drake-edition-iii-con-t-2090sc\\\/#breadcrumb\"},\"inLanguage\":\"es-AR\",\"potentialAction\":[{\"@type\":\"ReadAction\",\"target\":[\"https:\\\/\\\/mhthobbyracing.com.ar\\\/index.php\\\/producto\\\/combo-motor-os-speed-b21-adam-drake-edition-iii-con-t-2090sc\\\/\"]}]},{\"@type\":\"ImageObject\",\"inLanguage\":\"es-AR\",\"@id\":\"https:\\\/\\\/mhthobbyracing.com.ar\\\/index.php\\\/producto\\\/combo-motor-os-speed-b21-adam-drake-edition-iii-con-t-2090sc\\\/#primaryimage\",\"url\":\"https:\\\/\\\/mhthobbyracing.com.ar\\\/wp-content\\\/uploads\\\/2025\\\/10\\\/combo-motor-os-speed-b21-adam-drake-edition-iii-con-t-2100sc.jpg\",\"contentUrl\":\"https:\\\/\\\/mhthobbyracing.com.ar\\\/wp-content\\\/uploads\\\/2025\\\/10\\\/combo-motor-os-speed-b21-adam-drake-edition-iii-con-t-2100sc.jpg\",\"width\":800,\"height\":800},{\"@type\":\"BreadcrumbList\",\"@id\":\"https:\\\/\\\/mhthobbyracing.com.ar\\\/index.php\\\/producto\\\/combo-motor-os-speed-b21-adam-drake-edition-iii-con-t-2090sc\\\/#breadcrumb\",\"itemListElement\":[{\"@type\":\"ListItem\",\"position\":1,\"name\":\"Inicio\",\"item\":\"https:\\\/\\\/mhthobbyracing.com.ar\\\/\"},{\"@type\":\"ListItem\",\"position\":2,\"name\":\"Productos\",\"item\":\"https:\\\/\\\/mhthobbyracing.com.ar\\\/index.php\\\/inicio\\\/tienda\\\/\"},{\"@type\":\"ListItem\",\"position\":3,\"name\":\"COMBO MOTOR OS SPEED B21 ADAM DRAKE EDITION III CON T-2090SC\"}]},{\"@type\":\"WebSite\",\"@id\":\"https:\\\/\\\/mhthobbyracing.com.ar\\\/#website\",\"url\":\"https:\\\/\\\/mhthobbyracing.com.ar\\\/\",\"name\":\"MHT-Hobby- Racing Team\",\"description\":\"Hobby Automodelismo\",\"publisher\":{\"@id\":\"https:\\\/\\\/mhthobbyracing.com.ar\\\/#\\\/schema\\\/person\\\/a6a6ed9c2713fc1826eb2541c6a3e9d1\"},\"potentialAction\":[{\"@type\":\"SearchAction\",\"target\":{\"@type\":\"EntryPoint\",\"urlTemplate\":\"https:\\\/\\\/mhthobbyracing.com.ar\\\/?s={search_term_string}\"},\"query-input\":{\"@type\":\"PropertyValueSpecification\",\"valueRequired\":true,\"valueName\":\"search_term_string\"}}],\"inLanguage\":\"es-AR\"},{\"@type\":[\"Person\",\"Organization\"],\"@id\":\"https:\\\/\\\/mhthobbyracing.com.ar\\\/#\\\/schema\\\/person\\\/a6a6ed9c2713fc1826eb2541c6a3e9d1\",\"name\":\"ecomusicpm\",\"image\":{\"@type\":\"ImageObject\",\"inLanguage\":\"es-AR\",\"@id\":\"https:\\\/\\\/mhthobbyracing.com.ar\\\/wp-content\\\/uploads\\\/2020\\\/05\\\/cropped-LOGO-MHT16523-1.png\",\"url\":\"https:\\\/\\\/mhthobbyracing.com.ar\\\/wp-content\\\/uploads\\\/2020\\\/05\\\/cropped-LOGO-MHT16523-1.png\",\"contentUrl\":\"https:\\\/\\\/mhthobbyracing.com.ar\\\/wp-content\\\/uploads\\\/2020\\\/05\\\/cropped-LOGO-MHT16523-1.png\",\"width\":1578,\"height\":564,\"caption\":\"ecomusicpm\"},\"logo\":{\"@id\":\"https:\\\/\\\/mhthobbyracing.com.ar\\\/wp-content\\\/uploads\\\/2020\\\/05\\\/cropped-LOGO-MHT16523-1.png\"},\"sameAs\":[\"http:\\\/\\\/mhthobbyracing.com.ar\"]}]}<\/script>\n<!-- \/ Yoast SEO plugin. -->","yoast_head_json":{"title":"MOTOR OS SPEED B21 ADAM DRAKE- est\u00e1 en MHTHOBBY","description":"MOTOR OS SPEED B21 ADAM DRAKE - OS SPEED B21 Adam Drake Edition 3 ha sido desarrollado por el piloto Adam Drake en colaboraci\u00f3n con O.S.","robots":{"index":"index","follow":"follow","max-snippet":"max-snippet:-1","max-image-preview":"max-image-preview:large","max-video-preview":"max-video-preview:-1"},"canonical":"https:\/\/mhthobbyracing.com.ar\/index.php\/producto\/combo-motor-os-speed-b21-adam-drake-edition-iii-con-t-2090sc\/","og_locale":"es_ES","og_type":"article","og_title":"MOTOR OS SPEED B21 ADAM DRAKE- est\u00e1 en MHTHOBBY","og_description":"MOTOR OS SPEED B21 ADAM DRAKE - OS SPEED B21 Adam Drake Edition 3 ha sido desarrollado por el piloto Adam Drake en colaboraci\u00f3n con O.S.","og_url":"https:\/\/mhthobbyracing.com.ar\/index.php\/producto\/combo-motor-os-speed-b21-adam-drake-edition-iii-con-t-2090sc\/","og_site_name":"Racing Team","article_modified_time":"2025-12-03T14:59:59+00:00","og_image":[{"width":800,"height":800,"url":"https:\/\/mhthobbyracing.com.ar\/wp-content\/uploads\/2025\/10\/combo-motor-os-speed-b21-adam-drake-edition-iii-con-t-2100sc.jpg","type":"image\/jpeg"}],"twitter_card":"summary_large_image","twitter_misc":{"Tiempo de lectura":"1 minuto"},"schema":{"@context":"https:\/\/schema.org","@graph":[{"@type":"WebPage","@id":"https:\/\/mhthobbyracing.com.ar\/index.php\/producto\/combo-motor-os-speed-b21-adam-drake-edition-iii-con-t-2090sc\/","url":"https:\/\/mhthobbyracing.com.ar\/index.php\/producto\/combo-motor-os-speed-b21-adam-drake-edition-iii-con-t-2090sc\/","name":"MOTOR OS SPEED B21 ADAM DRAKE- est\u00e1 en MHTHOBBY","isPartOf":{"@id":"https:\/\/mhthobbyracing.com.ar\/#website"},"primaryImageOfPage":{"@id":"https:\/\/mhthobbyracing.com.ar\/index.php\/producto\/combo-motor-os-speed-b21-adam-drake-edition-iii-con-t-2090sc\/#primaryimage"},"image":{"@id":"https:\/\/mhthobbyracing.com.ar\/index.php\/producto\/combo-motor-os-speed-b21-adam-drake-edition-iii-con-t-2090sc\/#primaryimage"},"thumbnailUrl":"https:\/\/mhthobbyracing.com.ar\/wp-content\/uploads\/2025\/10\/combo-motor-os-speed-b21-adam-drake-edition-iii-con-t-2100sc.jpg","datePublished":"2025-10-06T00:25:49+00:00","dateModified":"2025-12-03T14:59:59+00:00","description":"MOTOR OS SPEED B21 ADAM DRAKE - OS SPEED B21 Adam Drake Edition 3 ha sido desarrollado por el piloto Adam Drake en colaboraci\u00f3n con O.S.","breadcrumb":{"@id":"https:\/\/mhthobbyracing.com.ar\/index.php\/producto\/combo-motor-os-speed-b21-adam-drake-edition-iii-con-t-2090sc\/#breadcrumb"},"inLanguage":"es-AR","potentialAction":[{"@type":"ReadAction","target":["https:\/\/mhthobbyracing.com.ar\/index.php\/producto\/combo-motor-os-speed-b21-adam-drake-edition-iii-con-t-2090sc\/"]}]},{"@type":"ImageObject","inLanguage":"es-AR","@id":"https:\/\/mhthobbyracing.com.ar\/index.php\/producto\/combo-motor-os-speed-b21-adam-drake-edition-iii-con-t-2090sc\/#primaryimage","url":"https:\/\/mhthobbyracing.com.ar\/wp-content\/uploads\/2025\/10\/combo-motor-os-speed-b21-adam-drake-edition-iii-con-t-2100sc.jpg","contentUrl":"https:\/\/mhthobbyracing.com.ar\/wp-content\/uploads\/2025\/10\/combo-motor-os-speed-b21-adam-drake-edition-iii-con-t-2100sc.jpg","width":800,"height":800},{"@type":"BreadcrumbList","@id":"https:\/\/mhthobbyracing.com.ar\/index.php\/producto\/combo-motor-os-speed-b21-adam-drake-edition-iii-con-t-2090sc\/#breadcrumb","itemListElement":[{"@type":"ListItem","position":1,"name":"Inicio","item":"https:\/\/mhthobbyracing.com.ar\/"},{"@type":"ListItem","position":2,"name":"Productos","item":"https:\/\/mhthobbyracing.com.ar\/index.php\/inicio\/tienda\/"},{"@type":"ListItem","position":3,"name":"COMBO MOTOR OS SPEED B21 ADAM DRAKE EDITION III CON T-2090SC"}]},{"@type":"WebSite","@id":"https:\/\/mhthobbyracing.com.ar\/#website","url":"https:\/\/mhthobbyracing.com.ar\/","name":"MHT-Hobby- Racing Team","description":"Hobby Automodelismo","publisher":{"@id":"https:\/\/mhthobbyracing.com.ar\/#\/schema\/person\/a6a6ed9c2713fc1826eb2541c6a3e9d1"},"potentialAction":[{"@type":"SearchAction","target":{"@type":"EntryPoint","urlTemplate":"https:\/\/mhthobbyracing.com.ar\/?s={search_term_string}"},"query-input":{"@type":"PropertyValueSpecification","valueRequired":true,"valueName":"search_term_string"}}],"inLanguage":"es-AR"},{"@type":["Person","Organization"],"@id":"https:\/\/mhthobbyracing.com.ar\/#\/schema\/person\/a6a6ed9c2713fc1826eb2541c6a3e9d1","name":"ecomusicpm","image":{"@type":"ImageObject","inLanguage":"es-AR","@id":"https:\/\/mhthobbyracing.com.ar\/wp-content\/uploads\/2020\/05\/cropped-LOGO-MHT16523-1.png","url":"https:\/\/mhthobbyracing.com.ar\/wp-content\/uploads\/2020\/05\/cropped-LOGO-MHT16523-1.png","contentUrl":"https:\/\/mhthobbyracing.com.ar\/wp-content\/uploads\/2020\/05\/cropped-LOGO-MHT16523-1.png","width":1578,"height":564,"caption":"ecomusicpm"},"logo":{"@id":"https:\/\/mhthobbyracing.com.ar\/wp-content\/uploads\/2020\/05\/cropped-LOGO-MHT16523-1.png"},"sameAs":["http:\/\/mhthobbyracing.com.ar"]}]}},"_links":{"self":[{"href":"https:\/\/mhthobbyracing.com.ar\/index.php\/wp-json\/wp\/v2\/product\/1849","targetHints":{"allow":["GET"]}}],"collection":[{"href":"https:\/\/mhthobbyracing.com.ar\/index.php\/wp-json\/wp\/v2\/product"}],"about":[{"href":"https:\/\/mhthobbyracing.com.ar\/index.php\/wp-json\/wp\/v2\/types\/product"}],"replies":[{"embeddable":true,"href":"https:\/\/mhthobbyracing.com.ar\/index.php\/wp-json\/wp\/v2\/comments?post=1849"}],"wp:featuredmedia":[{"embeddable":true,"href":"https:\/\/mhthobbyracing.com.ar\/index.php\/wp-json\/wp\/v2\/media\/1850"}],"wp:attachment":[{"href":"https:\/\/mhthobbyracing.com.ar\/index.php\/wp-json\/wp\/v2\/media?parent=1849"}],"wp:term":[{"taxonomy":"product_brand","embeddable":true,"href":"https:\/\/mhthobbyracing.com.ar\/index.php\/wp-json\/wp\/v2\/product_brand?post=1849"},{"taxonomy":"product_cat","embeddable":true,"href":"https:\/\/mhthobbyracing.com.ar\/index.php\/wp-json\/wp\/v2\/product_cat?post=1849"},{"taxonomy":"product_tag","embeddable":true,"href":"https:\/\/mhthobbyracing.com.ar\/index.php\/wp-json\/wp\/v2\/product_tag?post=1849"}],"curies":[{"name":"wp","href":"https:\/\/api.w.org\/{rel}","templated":true}]}}