{"id":471,"date":"2020-05-20T21:50:48","date_gmt":"2020-05-21T00:50:48","guid":{"rendered":"https:\/\/mhthobbyracing.com.ar\/?post_type=product&#038;p=471"},"modified":"2026-02-28T19:19:00","modified_gmt":"2026-02-28T22:19:00","slug":"rc8b3-2e-team-kit","status":"publish","type":"product","link":"https:\/\/mhthobbyracing.com.ar\/index.php\/producto\/rc8b3-2e-team-kit\/","title":{"rendered":"RC8B3.2e Team Kit"},"content":{"rendered":"<p>RC8B3.2e Team Kit<\/p>\n<div class=\"mt-4 text-justify\">El\u00e9ctrico 1:8 escala buggy es una de las clases de carreras m\u00e1s populares de off-road. Para ser uno de los mejores, uno debe innovar y empujar el sobre. Los dise\u00f1adores de Team Associated Area 51 Design Works han hecho precisamente eso. El resultado es el buggy el\u00e9ctrico RC8B3.2e escala 1:8.<br \/>\nYa una plataforma probada, el RC8B3.2e busca a\u00f1adir a la cartera de victorias.<br \/>\nNinguna piedra se ha quedado sin mover al considerar la composici\u00f3n de la RC8B3.2e. La geometr\u00eda de la suspensi\u00f3n ha sido analizada cr\u00edticamente para determinar \u00e1reas mejoradas de rendimiento, lo que resulta en un nuevo dise\u00f1o de brazo de suspensi\u00f3n con inserciones para ajustar las caracter\u00edsticas de flexi\u00f3n y mantener la suciedad fuera. La combinaci\u00f3n de un brazo de suspensi\u00f3n trasera m\u00e1s largo, montajes de brazo de suspensi\u00f3n m\u00e1s estrechos y un ancho de v\u00eda trasero m\u00e1s amplio en general ha demostrado aumentar la comodidad, la consistencia y la velocidad del conductor.<br \/>\nLas tapas de choque actualizadas permiten que el RCB3.2e se ejecute en dos configuraciones diferentes: como tipo de emulsi\u00f3n con el tornillo y el sello del purgador, o tipo de vejiga con las nuevas vejigas r\u00edgidas incluidas, o vejigas tradicionales opcionales.<br \/>\nLos protectores laterales tambi\u00e9n se han mejorado cambiando el m\u00e9todo de fijaci\u00f3n a FHCS que se enhebran en el chasis desde la parte superior del buggy. Esto aumenta la durabilidad del protector lateral al tiempo que mejora la alineaci\u00f3n con el chasis.<br \/>\nEste veh\u00edculo necesita piezas adicionales para que est\u00e9<br \/>\n<em>operativo. Haga clic en la pesta\u00f1a Especificaciones para ver qu\u00e9 equipo adicional necesitar\u00e1 para que el veh\u00edculo funcione, como el motor y el paquete de bater\u00edas.<\/em><br \/>\nDebido a la investigaci\u00f3n y el desarrollo en curso, es posible que las fotos no coincidan con el kit<br \/>\n<em>final. Veh\u00edculo que se muestra en estas p\u00e1ginas equipado con elementos NO incluidos en el kit: Motor de ca\u00f1a, bater\u00eda, ESC, servo, receptor, ruedas, neum\u00e1ticos, carrocer\u00eda y engranaje de pi\u00f1\u00f3n. Se requiere montaje y pintura.<\/em><\/div>\n<div class=\"mt-4\">\n<h4>Funciones<\/h4>\n<ul>\n<li>Nuevo dise\u00f1o de brazo de suspensi\u00f3n con inserciones para ajustes flexibles<\/li>\n<li>Mayor longitud del brazo de la suspensi\u00f3n trasera con soportes de brazo trasero estrechos<\/li>\n<li>El nuevo dise\u00f1o de vejiga de choque r\u00edgido mejora el rendimiento de salto y manejo<\/li>\n<li>La tapa de choque actualizada funciona para configuraciones de choque de estilo vejiga o emulsi\u00f3n<\/li>\n<li>El parachoques delantero m\u00e1s corto e inferior reduce la resistencia y permite un acceso m\u00e1s f\u00e1cil a los tornillos de la barra estabilizadora<\/li>\n<li>Aler\u00f3n trasero homologado por la I.F.M.A.R.<\/li>\n<li>Engranajes de pi\u00f1\u00f3n de 42T y pi\u00f1\u00f3n 12T en los diferenciales delanteros y traseros para mejorar las relaciones de transmisi\u00f3n<\/li>\n<li>Chasis actualizado con bordes delanteros achaflanados para reducir la resistencia<\/li>\n<li>Los protectores laterales ahora est\u00e1n roscados en el chasis desde el lado superior del autom\u00f3vil<\/li>\n<li>Montaje del motor deslizante de dos piezas para facilitar el ajuste de la malla de engranajes y la extracci\u00f3n del motor<\/li>\n<li>90% de compatibilidad de piezas con RC8B3.2<\/li>\n<\/ul>\n<\/div>\n<p>&nbsp;<\/p>\n<p>Visit\u00e1:<a href=\"https:\/\/www.associatedelectrics.com\/teamassociated\/cars_and_trucks\/RC8B3.2e\/Team\/\">https:\/\/www.associatedelectrics.com\/teamassociated\/cars_and_trucks\/RC8B3.2e\/Team\/<\/a><\/p>\n<p>Te puede interesar:<a href=\"https:\/\/mhthobbyracing.com.ar\/\">https:\/\/mhthobbyracing.com.ar\/<\/a><\/p>\n<p>&nbsp;<\/p>\n","protected":false},"excerpt":{"rendered":"<h4><strong>En Stock!<\/strong><\/h4>\n","protected":false},"featured_media":476,"comment_status":"open","ping_status":"closed","template":"","meta":{"site-sidebar-layout":"default","site-content-layout":"default","ast-site-content-layout":"","site-content-style":"default","site-sidebar-style":"default","ast-global-header-display":"","ast-banner-title-visibility":"","ast-main-header-display":"","ast-hfb-above-header-display":"","ast-hfb-below-header-display":"","ast-hfb-mobile-header-display":"","site-post-title":"","ast-breadcrumbs-content":"","ast-featured-img":"","footer-sml-layout":"","theme-transparent-header-meta":"default","adv-header-id-meta":"","stick-header-meta":"","header-above-stick-meta":"","header-main-stick-meta":"","header-below-stick-meta":"","astra-migrate-meta-layouts":"default","ast-page-background-enabled":"default","ast-page-background-meta":{"desktop":{"background-color":"","background-image":"","background-repeat":"repeat","background-position":"center center","background-size":"auto","background-attachment":"scroll","background-type":"","background-media":"","overlay-type":"","overlay-color":"","overlay-opacity":"","overlay-gradient":""},"tablet":{"background-color":"","background-image":"","background-repeat":"repeat","background-position":"center center","background-size":"auto","background-attachment":"scroll","background-type":"","background-media":"","overlay-type":"","overlay-color":"","overlay-opacity":"","overlay-gradient":""},"mobile":{"background-color":"","background-image":"","background-repeat":"repeat","background-position":"center center","background-size":"auto","background-attachment":"scroll","background-type":"","background-media":"","overlay-type":"","overlay-color":"","overlay-opacity":"","overlay-gradient":""}},"ast-content-background-meta":{"desktop":{"background-color":"var(--ast-global-color-5)","background-image":"","background-repeat":"repeat","background-position":"center center","background-size":"auto","background-attachment":"scroll","background-type":"","background-media":"","overlay-type":"","overlay-color":"","overlay-opacity":"","overlay-gradient":""},"tablet":{"background-color":"var(--ast-global-color-5)","background-image":"","background-repeat":"repeat","background-position":"center center","background-size":"auto","background-attachment":"scroll","background-type":"","background-media":"","overlay-type":"","overlay-color":"","overlay-opacity":"","overlay-gradient":""},"mobile":{"background-color":"var(--ast-global-color-5)","background-image":"","background-repeat":"repeat","background-position":"center center","background-size":"auto","background-attachment":"scroll","background-type":"","background-media":"","overlay-type":"","overlay-color":"","overlay-opacity":"","overlay-gradient":""}},"_joinchat":[]},"product_brand":[265],"product_cat":[17],"product_tag":[99],"class_list":{"0":"post-471","1":"product","2":"type-product","3":"status-publish","4":"has-post-thumbnail","6":"product_brand-team-associated","7":"product_cat-kits","8":"product_tag-part80940","9":"desktop-align-left","10":"tablet-align-left","11":"mobile-align-left","13":"first","14":"instock","15":"shipping-taxable","16":"purchasable","17":"product-type-simple"},"yoast_head":"<!-- This site is optimized with the Yoast SEO plugin v27.5 - https:\/\/yoast.com\/product\/yoast-seo-wordpress\/ -->\n<title>RC8B3.2e Team Kit - Encontralo en MHTHOBBY Distribuidor Oficial<\/title>\n<meta name=\"description\" content=\"RC8B3.2e Team Kit - El\u00e9ctrico 1:8 escala buggy es una de las clases de carreras m\u00e1s populares de off-road. MHTHOBBY Distribuidor Oficial\" \/>\n<meta name=\"robots\" content=\"index, follow, max-snippet:-1, max-image-preview:large, max-video-preview:-1\" \/>\n<link rel=\"canonical\" href=\"https:\/\/mhthobbyracing.com.ar\/index.php\/producto\/rc8b3-2e-team-kit\/\" \/>\n<meta property=\"og:locale\" content=\"es_ES\" \/>\n<meta property=\"og:type\" content=\"article\" \/>\n<meta property=\"og:title\" content=\"RC8B3.2e Team Kit - Encontralo en MHTHOBBY Distribuidor Oficial\" \/>\n<meta property=\"og:description\" content=\"RC8B3.2e Team Kit - El\u00e9ctrico 1:8 escala buggy es una de las clases de carreras m\u00e1s populares de off-road. MHTHOBBY Distribuidor Oficial\" \/>\n<meta property=\"og:url\" content=\"https:\/\/mhthobbyracing.com.ar\/index.php\/producto\/rc8b3-2e-team-kit\/\" \/>\n<meta property=\"og:site_name\" content=\"Racing Team\" \/>\n<meta property=\"article:modified_time\" content=\"2026-02-28T22:19:00+00:00\" \/>\n<meta property=\"og:image\" content=\"https:\/\/mhthobbyracing.com.ar\/wp-content\/uploads\/2020\/05\/IMG_7236_md-1.jpg\" \/>\n\t<meta property=\"og:image:width\" content=\"640\" \/>\n\t<meta property=\"og:image:height\" content=\"360\" \/>\n\t<meta property=\"og:image:type\" content=\"image\/jpeg\" \/>\n<meta name=\"twitter:card\" content=\"summary_large_image\" \/>\n<meta name=\"twitter:label1\" content=\"Tiempo de lectura\" \/>\n\t<meta name=\"twitter:data1\" content=\"3 minutos\" \/>\n<script type=\"application\/ld+json\" class=\"yoast-schema-graph\">{\"@context\":\"https:\\\/\\\/schema.org\",\"@graph\":[{\"@type\":\"WebPage\",\"@id\":\"https:\\\/\\\/mhthobbyracing.com.ar\\\/index.php\\\/producto\\\/rc8b3-2e-team-kit\\\/\",\"url\":\"https:\\\/\\\/mhthobbyracing.com.ar\\\/index.php\\\/producto\\\/rc8b3-2e-team-kit\\\/\",\"name\":\"RC8B3.2e Team Kit - Encontralo en MHTHOBBY Distribuidor Oficial\",\"isPartOf\":{\"@id\":\"https:\\\/\\\/mhthobbyracing.com.ar\\\/#website\"},\"primaryImageOfPage\":{\"@id\":\"https:\\\/\\\/mhthobbyracing.com.ar\\\/index.php\\\/producto\\\/rc8b3-2e-team-kit\\\/#primaryimage\"},\"image\":{\"@id\":\"https:\\\/\\\/mhthobbyracing.com.ar\\\/index.php\\\/producto\\\/rc8b3-2e-team-kit\\\/#primaryimage\"},\"thumbnailUrl\":\"https:\\\/\\\/mhthobbyracing.com.ar\\\/wp-content\\\/uploads\\\/2020\\\/05\\\/IMG_7236_md-1.jpg\",\"datePublished\":\"2020-05-21T00:50:48+00:00\",\"dateModified\":\"2026-02-28T22:19:00+00:00\",\"description\":\"RC8B3.2e Team Kit - El\u00e9ctrico 1:8 escala buggy es una de las clases de carreras m\u00e1s populares de off-road. MHTHOBBY Distribuidor Oficial\",\"breadcrumb\":{\"@id\":\"https:\\\/\\\/mhthobbyracing.com.ar\\\/index.php\\\/producto\\\/rc8b3-2e-team-kit\\\/#breadcrumb\"},\"inLanguage\":\"es-AR\",\"potentialAction\":[{\"@type\":\"ReadAction\",\"target\":[\"https:\\\/\\\/mhthobbyracing.com.ar\\\/index.php\\\/producto\\\/rc8b3-2e-team-kit\\\/\"]}]},{\"@type\":\"ImageObject\",\"inLanguage\":\"es-AR\",\"@id\":\"https:\\\/\\\/mhthobbyracing.com.ar\\\/index.php\\\/producto\\\/rc8b3-2e-team-kit\\\/#primaryimage\",\"url\":\"https:\\\/\\\/mhthobbyracing.com.ar\\\/wp-content\\\/uploads\\\/2020\\\/05\\\/IMG_7236_md-1.jpg\",\"contentUrl\":\"https:\\\/\\\/mhthobbyracing.com.ar\\\/wp-content\\\/uploads\\\/2020\\\/05\\\/IMG_7236_md-1.jpg\",\"width\":640,\"height\":360},{\"@type\":\"BreadcrumbList\",\"@id\":\"https:\\\/\\\/mhthobbyracing.com.ar\\\/index.php\\\/producto\\\/rc8b3-2e-team-kit\\\/#breadcrumb\",\"itemListElement\":[{\"@type\":\"ListItem\",\"position\":1,\"name\":\"Inicio\",\"item\":\"https:\\\/\\\/mhthobbyracing.com.ar\\\/\"},{\"@type\":\"ListItem\",\"position\":2,\"name\":\"Productos\",\"item\":\"https:\\\/\\\/mhthobbyracing.com.ar\\\/index.php\\\/inicio\\\/tienda\\\/\"},{\"@type\":\"ListItem\",\"position\":3,\"name\":\"RC8B3.2e Team Kit\"}]},{\"@type\":\"WebSite\",\"@id\":\"https:\\\/\\\/mhthobbyracing.com.ar\\\/#website\",\"url\":\"https:\\\/\\\/mhthobbyracing.com.ar\\\/\",\"name\":\"MHT-Hobby- Racing Team\",\"description\":\"Hobby Automodelismo\",\"publisher\":{\"@id\":\"https:\\\/\\\/mhthobbyracing.com.ar\\\/#\\\/schema\\\/person\\\/a6a6ed9c2713fc1826eb2541c6a3e9d1\"},\"potentialAction\":[{\"@type\":\"SearchAction\",\"target\":{\"@type\":\"EntryPoint\",\"urlTemplate\":\"https:\\\/\\\/mhthobbyracing.com.ar\\\/?s={search_term_string}\"},\"query-input\":{\"@type\":\"PropertyValueSpecification\",\"valueRequired\":true,\"valueName\":\"search_term_string\"}}],\"inLanguage\":\"es-AR\"},{\"@type\":[\"Person\",\"Organization\"],\"@id\":\"https:\\\/\\\/mhthobbyracing.com.ar\\\/#\\\/schema\\\/person\\\/a6a6ed9c2713fc1826eb2541c6a3e9d1\",\"name\":\"ecomusicpm\",\"image\":{\"@type\":\"ImageObject\",\"inLanguage\":\"es-AR\",\"@id\":\"https:\\\/\\\/mhthobbyracing.com.ar\\\/wp-content\\\/uploads\\\/2020\\\/05\\\/cropped-LOGO-MHT16523-1.png\",\"url\":\"https:\\\/\\\/mhthobbyracing.com.ar\\\/wp-content\\\/uploads\\\/2020\\\/05\\\/cropped-LOGO-MHT16523-1.png\",\"contentUrl\":\"https:\\\/\\\/mhthobbyracing.com.ar\\\/wp-content\\\/uploads\\\/2020\\\/05\\\/cropped-LOGO-MHT16523-1.png\",\"width\":1578,\"height\":564,\"caption\":\"ecomusicpm\"},\"logo\":{\"@id\":\"https:\\\/\\\/mhthobbyracing.com.ar\\\/wp-content\\\/uploads\\\/2020\\\/05\\\/cropped-LOGO-MHT16523-1.png\"},\"sameAs\":[\"http:\\\/\\\/mhthobbyracing.com.ar\"]}]}<\/script>\n<!-- \/ Yoast SEO plugin. -->","yoast_head_json":{"title":"RC8B3.2e Team Kit - Encontralo en MHTHOBBY Distribuidor Oficial","description":"RC8B3.2e Team Kit - El\u00e9ctrico 1:8 escala buggy es una de las clases de carreras m\u00e1s populares de off-road. MHTHOBBY Distribuidor Oficial","robots":{"index":"index","follow":"follow","max-snippet":"max-snippet:-1","max-image-preview":"max-image-preview:large","max-video-preview":"max-video-preview:-1"},"canonical":"https:\/\/mhthobbyracing.com.ar\/index.php\/producto\/rc8b3-2e-team-kit\/","og_locale":"es_ES","og_type":"article","og_title":"RC8B3.2e Team Kit - Encontralo en MHTHOBBY Distribuidor Oficial","og_description":"RC8B3.2e Team Kit - El\u00e9ctrico 1:8 escala buggy es una de las clases de carreras m\u00e1s populares de off-road. MHTHOBBY Distribuidor Oficial","og_url":"https:\/\/mhthobbyracing.com.ar\/index.php\/producto\/rc8b3-2e-team-kit\/","og_site_name":"Racing Team","article_modified_time":"2026-02-28T22:19:00+00:00","og_image":[{"width":640,"height":360,"url":"https:\/\/mhthobbyracing.com.ar\/wp-content\/uploads\/2020\/05\/IMG_7236_md-1.jpg","type":"image\/jpeg"}],"twitter_card":"summary_large_image","twitter_misc":{"Tiempo de lectura":"3 minutos"},"schema":{"@context":"https:\/\/schema.org","@graph":[{"@type":"WebPage","@id":"https:\/\/mhthobbyracing.com.ar\/index.php\/producto\/rc8b3-2e-team-kit\/","url":"https:\/\/mhthobbyracing.com.ar\/index.php\/producto\/rc8b3-2e-team-kit\/","name":"RC8B3.2e Team Kit - Encontralo en MHTHOBBY Distribuidor Oficial","isPartOf":{"@id":"https:\/\/mhthobbyracing.com.ar\/#website"},"primaryImageOfPage":{"@id":"https:\/\/mhthobbyracing.com.ar\/index.php\/producto\/rc8b3-2e-team-kit\/#primaryimage"},"image":{"@id":"https:\/\/mhthobbyracing.com.ar\/index.php\/producto\/rc8b3-2e-team-kit\/#primaryimage"},"thumbnailUrl":"https:\/\/mhthobbyracing.com.ar\/wp-content\/uploads\/2020\/05\/IMG_7236_md-1.jpg","datePublished":"2020-05-21T00:50:48+00:00","dateModified":"2026-02-28T22:19:00+00:00","description":"RC8B3.2e Team Kit - El\u00e9ctrico 1:8 escala buggy es una de las clases de carreras m\u00e1s populares de off-road. MHTHOBBY Distribuidor Oficial","breadcrumb":{"@id":"https:\/\/mhthobbyracing.com.ar\/index.php\/producto\/rc8b3-2e-team-kit\/#breadcrumb"},"inLanguage":"es-AR","potentialAction":[{"@type":"ReadAction","target":["https:\/\/mhthobbyracing.com.ar\/index.php\/producto\/rc8b3-2e-team-kit\/"]}]},{"@type":"ImageObject","inLanguage":"es-AR","@id":"https:\/\/mhthobbyracing.com.ar\/index.php\/producto\/rc8b3-2e-team-kit\/#primaryimage","url":"https:\/\/mhthobbyracing.com.ar\/wp-content\/uploads\/2020\/05\/IMG_7236_md-1.jpg","contentUrl":"https:\/\/mhthobbyracing.com.ar\/wp-content\/uploads\/2020\/05\/IMG_7236_md-1.jpg","width":640,"height":360},{"@type":"BreadcrumbList","@id":"https:\/\/mhthobbyracing.com.ar\/index.php\/producto\/rc8b3-2e-team-kit\/#breadcrumb","itemListElement":[{"@type":"ListItem","position":1,"name":"Inicio","item":"https:\/\/mhthobbyracing.com.ar\/"},{"@type":"ListItem","position":2,"name":"Productos","item":"https:\/\/mhthobbyracing.com.ar\/index.php\/inicio\/tienda\/"},{"@type":"ListItem","position":3,"name":"RC8B3.2e Team Kit"}]},{"@type":"WebSite","@id":"https:\/\/mhthobbyracing.com.ar\/#website","url":"https:\/\/mhthobbyracing.com.ar\/","name":"MHT-Hobby- Racing Team","description":"Hobby Automodelismo","publisher":{"@id":"https:\/\/mhthobbyracing.com.ar\/#\/schema\/person\/a6a6ed9c2713fc1826eb2541c6a3e9d1"},"potentialAction":[{"@type":"SearchAction","target":{"@type":"EntryPoint","urlTemplate":"https:\/\/mhthobbyracing.com.ar\/?s={search_term_string}"},"query-input":{"@type":"PropertyValueSpecification","valueRequired":true,"valueName":"search_term_string"}}],"inLanguage":"es-AR"},{"@type":["Person","Organization"],"@id":"https:\/\/mhthobbyracing.com.ar\/#\/schema\/person\/a6a6ed9c2713fc1826eb2541c6a3e9d1","name":"ecomusicpm","image":{"@type":"ImageObject","inLanguage":"es-AR","@id":"https:\/\/mhthobbyracing.com.ar\/wp-content\/uploads\/2020\/05\/cropped-LOGO-MHT16523-1.png","url":"https:\/\/mhthobbyracing.com.ar\/wp-content\/uploads\/2020\/05\/cropped-LOGO-MHT16523-1.png","contentUrl":"https:\/\/mhthobbyracing.com.ar\/wp-content\/uploads\/2020\/05\/cropped-LOGO-MHT16523-1.png","width":1578,"height":564,"caption":"ecomusicpm"},"logo":{"@id":"https:\/\/mhthobbyracing.com.ar\/wp-content\/uploads\/2020\/05\/cropped-LOGO-MHT16523-1.png"},"sameAs":["http:\/\/mhthobbyracing.com.ar"]}]}},"_links":{"self":[{"href":"https:\/\/mhthobbyracing.com.ar\/index.php\/wp-json\/wp\/v2\/product\/471","targetHints":{"allow":["GET"]}}],"collection":[{"href":"https:\/\/mhthobbyracing.com.ar\/index.php\/wp-json\/wp\/v2\/product"}],"about":[{"href":"https:\/\/mhthobbyracing.com.ar\/index.php\/wp-json\/wp\/v2\/types\/product"}],"replies":[{"embeddable":true,"href":"https:\/\/mhthobbyracing.com.ar\/index.php\/wp-json\/wp\/v2\/comments?post=471"}],"wp:featuredmedia":[{"embeddable":true,"href":"https:\/\/mhthobbyracing.com.ar\/index.php\/wp-json\/wp\/v2\/media\/476"}],"wp:attachment":[{"href":"https:\/\/mhthobbyracing.com.ar\/index.php\/wp-json\/wp\/v2\/media?parent=471"}],"wp:term":[{"taxonomy":"product_brand","embeddable":true,"href":"https:\/\/mhthobbyracing.com.ar\/index.php\/wp-json\/wp\/v2\/product_brand?post=471"},{"taxonomy":"product_cat","embeddable":true,"href":"https:\/\/mhthobbyracing.com.ar\/index.php\/wp-json\/wp\/v2\/product_cat?post=471"},{"taxonomy":"product_tag","embeddable":true,"href":"https:\/\/mhthobbyracing.com.ar\/index.php\/wp-json\/wp\/v2\/product_tag?post=471"}],"curies":[{"name":"wp","href":"https:\/\/api.w.org\/{rel}","templated":true}]}}