{"id":700,"date":"2020-07-09T13:21:24","date_gmt":"2020-07-09T16:21:24","guid":{"rendered":"https:\/\/mhthobbyracing.com.ar\/?post_type=product&#038;p=700"},"modified":"2025-06-04T19:49:06","modified_gmt":"2025-06-04T22:49:06","slug":"servo-hitec","status":"publish","type":"product","link":"https:\/\/mhthobbyracing.com.ar\/index.php\/producto\/servo-hitec\/","title":{"rendered":"Servo HITEC"},"content":{"rendered":"<p>Servo HITEC<\/p>\n<h5><span>Descripci\u00f3n del producto<\/span><\/h5>\n<div id=\"408|content|products\" class=\"myipwe\">\n<p>El metal D-645MW es parte de nuestra l\u00ednea de servo serie D.<\/p>\n<p>Todos los servos de la serie D de Hitec se han dise\u00f1ado utilizando nuestra nueva ingenier\u00eda de vanguardia y personalizada.<\/p>\n<p><span class=\"goog-text-highlight\">Combinando la tecnolog\u00eda de ultra-respuesta de alta resoluci\u00f3n y vanguardia l\u00edder en la industria con un MCU de 32 bits y un ADC de 12 bits para una capacidad de programaci\u00f3n y flexibilidad sin precedentes, estos servos ofrecen un movimiento significativamente m\u00e1s suave. <\/span>La l\u00ednea r\u00e1pida y potente opera en un amplio rango de voltaje de 4.8 ~ 8.4, lo que permite su uso con cualquier qu\u00edmica de bater\u00eda com\u00fan sin la necesidad de adaptadores o reguladores.<\/p>\n<p>Con la ranura de salida de 25 dientes est\u00e1ndar de la industria de Hitec con tornillo hexagonal de 3 mm, cada servo de la Serie D ofrece un rendimiento monstruoso nunca antes conocido en el mercado.<\/p>\n<h4><span>Caracteristicas<\/span><\/h4>\n<ul>\n<li><span>Amplificador digital programable PWM<\/span><\/li>\n<li><span>MCU de 32 bits con circuitos ADC de 12 bits<\/span><\/li>\n<li><span>4096 Resoluci\u00f3n<\/span><\/li>\n<li><span>Potenci\u00f3metro de larga duraci\u00f3n de ciclo 1M<\/span><\/li>\n<li><span>Amplio voltaje de funcionamiento (4.8 ~ 8.4 voltios DC)<\/span><\/li>\n<li><span>Eje de salida compatible con doble rodamiento de bolas<\/span><\/li>\n<li><span>Spline de salida de 25 dientes<\/span><\/li>\n<\/ul>\n<h4><span>Funciones programables<\/span><\/h4>\n<ul>\n<li><span>Ajustes de punto final<\/span><\/li>\n<li><span>Direcci\u00f3n<\/span><\/li>\n<li><span>A prueba de fallos<\/span><\/li>\n<li><span>Banda muerta<\/span><\/li>\n<li><span>Velocidad (m\u00e1s lenta)<\/span><\/li>\n<li><span><span class=\"goog-text-highlight\">Tasa de arranque suave<\/span><\/span><\/li>\n<li><span>Protecci\u00f3n de sobrecarga<\/span><\/li>\n<li><span>Guardar \/ cargar datos<\/span><\/li>\n<li><span>Restablecer programa<\/span><\/li>\n<\/ul>\n<h4><span>Accesorios<\/span><\/h4>\n<ul>\n<li><span>Conjunto de engranajes de metal | <\/span><a title=\"Metal Gear Set\" href=\"https:\/\/translate.googleusercontent.com\/translate_c?depth=1&amp;hl=es&amp;prev=search&amp;pto=aue&amp;rurl=translate.google.com.ar&amp;sl=en&amp;sp=nmt4&amp;u=https:\/\/hitecrcd.com\/uploads\/55395.jpg&amp;usg=ALkJrhjqzZc8fEsE3Og2X_CelVj9DficWg\"><span>Enlace<\/span><\/a><span> |<\/span><\/li>\n<li><span>Juego de 1er engranaje de metal \/ pl\u00e1stico | <\/span><a href=\"https:\/\/translate.googleusercontent.com\/translate_c?depth=1&amp;hl=es&amp;prev=search&amp;pto=aue&amp;rurl=translate.google.com.ar&amp;sl=en&amp;sp=nmt4&amp;u=https:\/\/hitecrcd.com\/uploads\/55016.jpg&amp;usg=ALkJrhg-jGC3jXp1Y4K9g8CNWX42KjvM1w\"><span>Enlace<\/span><\/a><span> \u00a0|<\/span><\/li>\n<li><span>Juego de cajas de pl\u00e1stico | <\/span><a title=\"Set de caja de pl\u00e1stico\" href=\"https:\/\/translate.googleusercontent.com\/translate_c?depth=1&amp;hl=es&amp;prev=search&amp;pto=aue&amp;rurl=translate.google.com.ar&amp;sl=en&amp;sp=nmt4&amp;u=https:\/\/hitecrcd.com\/uploads\/55402_-_Case_Set.jpg&amp;usg=ALkJrhgooWnSfzmX9YsfQjz_jkiUT0olbA\"><span>Enlace<\/span><\/a><span> |<\/span><\/li>\n<li><a href=\"https:\/\/mhthobbyracing.com.ar\/index.php\/categoria-producto\/electronica\/servos\/\">Vist\u00e1 tambi\u00e9n\u00a0<\/a><\/li>\n<\/ul>\n<\/div>\n","protected":false},"excerpt":{"rendered":"<p>Servo HITEC<\/p>\n","protected":false},"featured_media":701,"comment_status":"open","ping_status":"closed","template":"","meta":{"site-sidebar-layout":"default","site-content-layout":"default","ast-site-content-layout":"","site-content-style":"default","site-sidebar-style":"default","ast-global-header-display":"","ast-banner-title-visibility":"","ast-main-header-display":"","ast-hfb-above-header-display":"","ast-hfb-below-header-display":"","ast-hfb-mobile-header-display":"","site-post-title":"","ast-breadcrumbs-content":"","ast-featured-img":"","footer-sml-layout":"","theme-transparent-header-meta":"default","adv-header-id-meta":"","stick-header-meta":"","header-above-stick-meta":"","header-main-stick-meta":"","header-below-stick-meta":"","astra-migrate-meta-layouts":"default","ast-page-background-enabled":"default","ast-page-background-meta":{"desktop":{"background-color":"","background-image":"","background-repeat":"repeat","background-position":"center center","background-size":"auto","background-attachment":"scroll","background-type":"","background-media":"","overlay-type":"","overlay-color":"","overlay-opacity":"","overlay-gradient":""},"tablet":{"background-color":"","background-image":"","background-repeat":"repeat","background-position":"center center","background-size":"auto","background-attachment":"scroll","background-type":"","background-media":"","overlay-type":"","overlay-color":"","overlay-opacity":"","overlay-gradient":""},"mobile":{"background-color":"","background-image":"","background-repeat":"repeat","background-position":"center center","background-size":"auto","background-attachment":"scroll","background-type":"","background-media":"","overlay-type":"","overlay-color":"","overlay-opacity":"","overlay-gradient":""}},"ast-content-background-meta":{"desktop":{"background-color":"var(--ast-global-color-5)","background-image":"","background-repeat":"repeat","background-position":"center center","background-size":"auto","background-attachment":"scroll","background-type":"","background-media":"","overlay-type":"","overlay-color":"","overlay-opacity":"","overlay-gradient":""},"tablet":{"background-color":"var(--ast-global-color-5)","background-image":"","background-repeat":"repeat","background-position":"center center","background-size":"auto","background-attachment":"scroll","background-type":"","background-media":"","overlay-type":"","overlay-color":"","overlay-opacity":"","overlay-gradient":""},"mobile":{"background-color":"var(--ast-global-color-5)","background-image":"","background-repeat":"repeat","background-position":"center center","background-size":"auto","background-attachment":"scroll","background-type":"","background-media":"","overlay-type":"","overlay-color":"","overlay-opacity":"","overlay-gradient":""}},"_joinchat":[]},"product_brand":[],"product_cat":[26],"product_tag":[124],"class_list":{"0":"post-700","1":"product","2":"type-product","3":"status-publish","4":"has-post-thumbnail","6":"product_cat-servos","7":"product_tag-servo-hitec","8":"desktop-align-left","9":"tablet-align-left","10":"mobile-align-left","12":"first","13":"instock","14":"shipping-taxable","15":"purchasable","16":"product-type-simple"},"yoast_head":"<!-- This site is optimized with the Yoast SEO plugin v27.5 - https:\/\/yoast.com\/product\/yoast-seo-wordpress\/ -->\n<title>Servo HITEC - Servo digital de alto torque - encontralo en MHTHOBBY<\/title>\n<meta name=\"description\" content=\"Servo HITEC -Todos los servos de la serie D de Hitec se han dise\u00f1ado utilizando nuestra nueva ingenier\u00eda de vanguardia y personalizada. est\u00e1 en MHTHOBBY\" \/>\n<meta name=\"robots\" content=\"index, follow, max-snippet:-1, max-image-preview:large, max-video-preview:-1\" \/>\n<link rel=\"canonical\" href=\"https:\/\/mhthobbyracing.com.ar\/index.php\/producto\/servo-hitec\/\" \/>\n<meta property=\"og:locale\" content=\"es_ES\" \/>\n<meta property=\"og:type\" content=\"article\" \/>\n<meta property=\"og:title\" content=\"Servo HITEC - Servo digital de alto torque - encontralo en MHTHOBBY\" \/>\n<meta property=\"og:description\" content=\"Servo HITEC -Todos los servos de la serie D de Hitec se han dise\u00f1ado utilizando nuestra nueva ingenier\u00eda de vanguardia y personalizada. est\u00e1 en MHTHOBBY\" \/>\n<meta property=\"og:url\" content=\"https:\/\/mhthobbyracing.com.ar\/index.php\/producto\/servo-hitec\/\" \/>\n<meta property=\"og:site_name\" content=\"Racing Team\" \/>\n<meta property=\"article:modified_time\" content=\"2025-06-04T22:49:06+00:00\" \/>\n<meta property=\"og:image\" content=\"https:\/\/mhthobbyracing.com.ar\/wp-content\/uploads\/2020\/07\/d645mw_02.jpg\" \/>\n\t<meta property=\"og:image:width\" content=\"600\" \/>\n\t<meta property=\"og:image:height\" content=\"808\" \/>\n\t<meta property=\"og:image:type\" content=\"image\/jpeg\" \/>\n<meta name=\"twitter:card\" content=\"summary_large_image\" \/>\n<meta name=\"twitter:label1\" content=\"Tiempo de lectura\" \/>\n\t<meta name=\"twitter:data1\" content=\"1 minuto\" \/>\n<script type=\"application\/ld+json\" class=\"yoast-schema-graph\">{\"@context\":\"https:\\\/\\\/schema.org\",\"@graph\":[{\"@type\":\"WebPage\",\"@id\":\"https:\\\/\\\/mhthobbyracing.com.ar\\\/index.php\\\/producto\\\/servo-hitec\\\/\",\"url\":\"https:\\\/\\\/mhthobbyracing.com.ar\\\/index.php\\\/producto\\\/servo-hitec\\\/\",\"name\":\"Servo HITEC - Servo digital de alto torque - encontralo en MHTHOBBY\",\"isPartOf\":{\"@id\":\"https:\\\/\\\/mhthobbyracing.com.ar\\\/#website\"},\"primaryImageOfPage\":{\"@id\":\"https:\\\/\\\/mhthobbyracing.com.ar\\\/index.php\\\/producto\\\/servo-hitec\\\/#primaryimage\"},\"image\":{\"@id\":\"https:\\\/\\\/mhthobbyracing.com.ar\\\/index.php\\\/producto\\\/servo-hitec\\\/#primaryimage\"},\"thumbnailUrl\":\"https:\\\/\\\/mhthobbyracing.com.ar\\\/wp-content\\\/uploads\\\/2020\\\/07\\\/d645mw_02.jpg\",\"datePublished\":\"2020-07-09T16:21:24+00:00\",\"dateModified\":\"2025-06-04T22:49:06+00:00\",\"description\":\"Servo HITEC -Todos los servos de la serie D de Hitec se han dise\u00f1ado utilizando nuestra nueva ingenier\u00eda de vanguardia y personalizada. est\u00e1 en MHTHOBBY\",\"breadcrumb\":{\"@id\":\"https:\\\/\\\/mhthobbyracing.com.ar\\\/index.php\\\/producto\\\/servo-hitec\\\/#breadcrumb\"},\"inLanguage\":\"es-AR\",\"potentialAction\":[{\"@type\":\"ReadAction\",\"target\":[\"https:\\\/\\\/mhthobbyracing.com.ar\\\/index.php\\\/producto\\\/servo-hitec\\\/\"]}]},{\"@type\":\"ImageObject\",\"inLanguage\":\"es-AR\",\"@id\":\"https:\\\/\\\/mhthobbyracing.com.ar\\\/index.php\\\/producto\\\/servo-hitec\\\/#primaryimage\",\"url\":\"https:\\\/\\\/mhthobbyracing.com.ar\\\/wp-content\\\/uploads\\\/2020\\\/07\\\/d645mw_02.jpg\",\"contentUrl\":\"https:\\\/\\\/mhthobbyracing.com.ar\\\/wp-content\\\/uploads\\\/2020\\\/07\\\/d645mw_02.jpg\",\"width\":600,\"height\":808,\"caption\":\"Servo HITEC\"},{\"@type\":\"BreadcrumbList\",\"@id\":\"https:\\\/\\\/mhthobbyracing.com.ar\\\/index.php\\\/producto\\\/servo-hitec\\\/#breadcrumb\",\"itemListElement\":[{\"@type\":\"ListItem\",\"position\":1,\"name\":\"Inicio\",\"item\":\"https:\\\/\\\/mhthobbyracing.com.ar\\\/\"},{\"@type\":\"ListItem\",\"position\":2,\"name\":\"Productos\",\"item\":\"https:\\\/\\\/mhthobbyracing.com.ar\\\/index.php\\\/inicio\\\/tienda\\\/\"},{\"@type\":\"ListItem\",\"position\":3,\"name\":\"Servo HITEC\"}]},{\"@type\":\"WebSite\",\"@id\":\"https:\\\/\\\/mhthobbyracing.com.ar\\\/#website\",\"url\":\"https:\\\/\\\/mhthobbyracing.com.ar\\\/\",\"name\":\"MHT-Hobby- Racing Team\",\"description\":\"Hobby Automodelismo\",\"publisher\":{\"@id\":\"https:\\\/\\\/mhthobbyracing.com.ar\\\/#\\\/schema\\\/person\\\/a6a6ed9c2713fc1826eb2541c6a3e9d1\"},\"potentialAction\":[{\"@type\":\"SearchAction\",\"target\":{\"@type\":\"EntryPoint\",\"urlTemplate\":\"https:\\\/\\\/mhthobbyracing.com.ar\\\/?s={search_term_string}\"},\"query-input\":{\"@type\":\"PropertyValueSpecification\",\"valueRequired\":true,\"valueName\":\"search_term_string\"}}],\"inLanguage\":\"es-AR\"},{\"@type\":[\"Person\",\"Organization\"],\"@id\":\"https:\\\/\\\/mhthobbyracing.com.ar\\\/#\\\/schema\\\/person\\\/a6a6ed9c2713fc1826eb2541c6a3e9d1\",\"name\":\"ecomusicpm\",\"image\":{\"@type\":\"ImageObject\",\"inLanguage\":\"es-AR\",\"@id\":\"https:\\\/\\\/mhthobbyracing.com.ar\\\/wp-content\\\/uploads\\\/2020\\\/05\\\/cropped-LOGO-MHT16523-1.png\",\"url\":\"https:\\\/\\\/mhthobbyracing.com.ar\\\/wp-content\\\/uploads\\\/2020\\\/05\\\/cropped-LOGO-MHT16523-1.png\",\"contentUrl\":\"https:\\\/\\\/mhthobbyracing.com.ar\\\/wp-content\\\/uploads\\\/2020\\\/05\\\/cropped-LOGO-MHT16523-1.png\",\"width\":1578,\"height\":564,\"caption\":\"ecomusicpm\"},\"logo\":{\"@id\":\"https:\\\/\\\/mhthobbyracing.com.ar\\\/wp-content\\\/uploads\\\/2020\\\/05\\\/cropped-LOGO-MHT16523-1.png\"},\"sameAs\":[\"http:\\\/\\\/mhthobbyracing.com.ar\"]}]}<\/script>\n<!-- \/ Yoast SEO plugin. -->","yoast_head_json":{"title":"Servo HITEC - Servo digital de alto torque - encontralo en MHTHOBBY","description":"Servo HITEC -Todos los servos de la serie D de Hitec se han dise\u00f1ado utilizando nuestra nueva ingenier\u00eda de vanguardia y personalizada. est\u00e1 en MHTHOBBY","robots":{"index":"index","follow":"follow","max-snippet":"max-snippet:-1","max-image-preview":"max-image-preview:large","max-video-preview":"max-video-preview:-1"},"canonical":"https:\/\/mhthobbyracing.com.ar\/index.php\/producto\/servo-hitec\/","og_locale":"es_ES","og_type":"article","og_title":"Servo HITEC - Servo digital de alto torque - encontralo en MHTHOBBY","og_description":"Servo HITEC -Todos los servos de la serie D de Hitec se han dise\u00f1ado utilizando nuestra nueva ingenier\u00eda de vanguardia y personalizada. est\u00e1 en MHTHOBBY","og_url":"https:\/\/mhthobbyracing.com.ar\/index.php\/producto\/servo-hitec\/","og_site_name":"Racing Team","article_modified_time":"2025-06-04T22:49:06+00:00","og_image":[{"width":600,"height":808,"url":"https:\/\/mhthobbyracing.com.ar\/wp-content\/uploads\/2020\/07\/d645mw_02.jpg","type":"image\/jpeg"}],"twitter_card":"summary_large_image","twitter_misc":{"Tiempo de lectura":"1 minuto"},"schema":{"@context":"https:\/\/schema.org","@graph":[{"@type":"WebPage","@id":"https:\/\/mhthobbyracing.com.ar\/index.php\/producto\/servo-hitec\/","url":"https:\/\/mhthobbyracing.com.ar\/index.php\/producto\/servo-hitec\/","name":"Servo HITEC - Servo digital de alto torque - encontralo en MHTHOBBY","isPartOf":{"@id":"https:\/\/mhthobbyracing.com.ar\/#website"},"primaryImageOfPage":{"@id":"https:\/\/mhthobbyracing.com.ar\/index.php\/producto\/servo-hitec\/#primaryimage"},"image":{"@id":"https:\/\/mhthobbyracing.com.ar\/index.php\/producto\/servo-hitec\/#primaryimage"},"thumbnailUrl":"https:\/\/mhthobbyracing.com.ar\/wp-content\/uploads\/2020\/07\/d645mw_02.jpg","datePublished":"2020-07-09T16:21:24+00:00","dateModified":"2025-06-04T22:49:06+00:00","description":"Servo HITEC -Todos los servos de la serie D de Hitec se han dise\u00f1ado utilizando nuestra nueva ingenier\u00eda de vanguardia y personalizada. est\u00e1 en MHTHOBBY","breadcrumb":{"@id":"https:\/\/mhthobbyracing.com.ar\/index.php\/producto\/servo-hitec\/#breadcrumb"},"inLanguage":"es-AR","potentialAction":[{"@type":"ReadAction","target":["https:\/\/mhthobbyracing.com.ar\/index.php\/producto\/servo-hitec\/"]}]},{"@type":"ImageObject","inLanguage":"es-AR","@id":"https:\/\/mhthobbyracing.com.ar\/index.php\/producto\/servo-hitec\/#primaryimage","url":"https:\/\/mhthobbyracing.com.ar\/wp-content\/uploads\/2020\/07\/d645mw_02.jpg","contentUrl":"https:\/\/mhthobbyracing.com.ar\/wp-content\/uploads\/2020\/07\/d645mw_02.jpg","width":600,"height":808,"caption":"Servo HITEC"},{"@type":"BreadcrumbList","@id":"https:\/\/mhthobbyracing.com.ar\/index.php\/producto\/servo-hitec\/#breadcrumb","itemListElement":[{"@type":"ListItem","position":1,"name":"Inicio","item":"https:\/\/mhthobbyracing.com.ar\/"},{"@type":"ListItem","position":2,"name":"Productos","item":"https:\/\/mhthobbyracing.com.ar\/index.php\/inicio\/tienda\/"},{"@type":"ListItem","position":3,"name":"Servo HITEC"}]},{"@type":"WebSite","@id":"https:\/\/mhthobbyracing.com.ar\/#website","url":"https:\/\/mhthobbyracing.com.ar\/","name":"MHT-Hobby- Racing Team","description":"Hobby Automodelismo","publisher":{"@id":"https:\/\/mhthobbyracing.com.ar\/#\/schema\/person\/a6a6ed9c2713fc1826eb2541c6a3e9d1"},"potentialAction":[{"@type":"SearchAction","target":{"@type":"EntryPoint","urlTemplate":"https:\/\/mhthobbyracing.com.ar\/?s={search_term_string}"},"query-input":{"@type":"PropertyValueSpecification","valueRequired":true,"valueName":"search_term_string"}}],"inLanguage":"es-AR"},{"@type":["Person","Organization"],"@id":"https:\/\/mhthobbyracing.com.ar\/#\/schema\/person\/a6a6ed9c2713fc1826eb2541c6a3e9d1","name":"ecomusicpm","image":{"@type":"ImageObject","inLanguage":"es-AR","@id":"https:\/\/mhthobbyracing.com.ar\/wp-content\/uploads\/2020\/05\/cropped-LOGO-MHT16523-1.png","url":"https:\/\/mhthobbyracing.com.ar\/wp-content\/uploads\/2020\/05\/cropped-LOGO-MHT16523-1.png","contentUrl":"https:\/\/mhthobbyracing.com.ar\/wp-content\/uploads\/2020\/05\/cropped-LOGO-MHT16523-1.png","width":1578,"height":564,"caption":"ecomusicpm"},"logo":{"@id":"https:\/\/mhthobbyracing.com.ar\/wp-content\/uploads\/2020\/05\/cropped-LOGO-MHT16523-1.png"},"sameAs":["http:\/\/mhthobbyracing.com.ar"]}]}},"_links":{"self":[{"href":"https:\/\/mhthobbyracing.com.ar\/index.php\/wp-json\/wp\/v2\/product\/700","targetHints":{"allow":["GET"]}}],"collection":[{"href":"https:\/\/mhthobbyracing.com.ar\/index.php\/wp-json\/wp\/v2\/product"}],"about":[{"href":"https:\/\/mhthobbyracing.com.ar\/index.php\/wp-json\/wp\/v2\/types\/product"}],"replies":[{"embeddable":true,"href":"https:\/\/mhthobbyracing.com.ar\/index.php\/wp-json\/wp\/v2\/comments?post=700"}],"wp:featuredmedia":[{"embeddable":true,"href":"https:\/\/mhthobbyracing.com.ar\/index.php\/wp-json\/wp\/v2\/media\/701"}],"wp:attachment":[{"href":"https:\/\/mhthobbyracing.com.ar\/index.php\/wp-json\/wp\/v2\/media?parent=700"}],"wp:term":[{"taxonomy":"product_brand","embeddable":true,"href":"https:\/\/mhthobbyracing.com.ar\/index.php\/wp-json\/wp\/v2\/product_brand?post=700"},{"taxonomy":"product_cat","embeddable":true,"href":"https:\/\/mhthobbyracing.com.ar\/index.php\/wp-json\/wp\/v2\/product_cat?post=700"},{"taxonomy":"product_tag","embeddable":true,"href":"https:\/\/mhthobbyracing.com.ar\/index.php\/wp-json\/wp\/v2\/product_tag?post=700"}],"curies":[{"name":"wp","href":"https:\/\/api.w.org\/{rel}","templated":true}]}}