{"id":923,"date":"2020-12-31T14:40:08","date_gmt":"2020-12-31T17:40:08","guid":{"rendered":"https:\/\/mhthobbyracing.com.ar\/?post_type=product&#038;p=923"},"modified":"2026-04-30T21:44:37","modified_gmt":"2026-05-01T00:44:37","slug":"ceramic-engine-bearing-14-5x26x6","status":"publish","type":"product","link":"https:\/\/mhthobbyracing.com.ar\/index.php\/producto\/ceramic-engine-bearing-14-5x26x6\/","title":{"rendered":"Ceramic Engine Bearing 14.5x26x6"},"content":{"rendered":"<p>Ceramic Engine Bearing 14.5x26x6<\/p>\n<p>Estos rodamientos cer\u00e1micos de 14.5x26x6 mm cuentan con nuestras bolas de cer\u00e1mica de nitruro de silicio; pulido con diamantes ;<\/p>\n<p>y tambi\u00e9n\u00a0 una jaula interior PEEK de s\u00faper alta velocidad para soportar el calor y el estr\u00e9s de su motor. \u200e<\/p>\n<p>El pol\u00edmero PEEK de nueva generaci\u00f3n fue elegido para las jaulas debido a su combinaci\u00f3n superior de resistencia y flexibilidad,tambi\u00e9n\u00a0 altas temperaturas de funcionamiento y alta resistencia qu\u00edmica y al desgaste.<\/p>\n<p>El dise\u00f1o de la jaula y el material utilizado son de suma importancia para el rendimiento de la jaula, as\u00ed como para la fiabilidad operativa del rodamiento en s\u00ed. \u200e<\/p>\n<p>\u200e Tambi\u00e9n pueden ser sometidos a la acci\u00f3n qu\u00edmica de ciertos lubricantes, aditivos lubricantes o productos de su envejecimiento o disolventes org\u00e1nicos.<\/p>\n<p>Los materiales a partir de los cuales se fabrican los componentes del rodamiento determinan en gran medida el rendimiento y la fiabilidad de los rodamientos.<br \/>\n\u200e Las buenas propiedades deslizantes del pol\u00edmero en superficies de acero lubricado y la suavidad \u200e\u200e \u200e\u200ede las superficies de la jaula en contacto con los elementos rodantes, producen la menor cantidad de fricci\u00f3n para que la generaci\u00f3n de calor y el desgaste en el rodamiento sean m\u00ednimos.<\/p>\n<p>La baja densidad del material significa que la inercia de la jaula es peque\u00f1a contribuyendo a una mayor velocidad.<\/p>\n<p>\u200eNuestras jaulas de rodamientos PEEK no muestran signos de envejecimiento por temperatura y aditivos de aceite de hasta +200 oC (392 oF). \u200e<\/p>\n<p>Ceramic Engine Bearing 14.5x26x6<\/p>\n<p>Visit\u00e1:<a href=\"https:\/\/www.associatedelectrics.com\/\">https:\/\/www.associatedelectrics.com\/<\/a><\/p>\n<p>Te puede interesar:<a href=\"https:\/\/mhthobbyracing.com.ar\/\">https:\/\/mhthobbyracing.com.ar\/<\/a><\/p>\n<p>&nbsp;<\/p>\n","protected":false},"excerpt":{"rendered":"<p>14.5x26x6 Ceramic Engine Bearing<\/p>\n","protected":false},"featured_media":924,"comment_status":"open","ping_status":"closed","template":"","meta":{"site-sidebar-layout":"default","site-content-layout":"default","ast-site-content-layout":"","site-content-style":"default","site-sidebar-style":"default","ast-global-header-display":"","ast-banner-title-visibility":"","ast-main-header-display":"","ast-hfb-above-header-display":"","ast-hfb-below-header-display":"","ast-hfb-mobile-header-display":"","site-post-title":"","ast-breadcrumbs-content":"","ast-featured-img":"","footer-sml-layout":"","theme-transparent-header-meta":"default","adv-header-id-meta":"","stick-header-meta":"","header-above-stick-meta":"","header-main-stick-meta":"","header-below-stick-meta":"","astra-migrate-meta-layouts":"default","ast-page-background-enabled":"default","ast-page-background-meta":{"desktop":{"background-color":"","background-image":"","background-repeat":"repeat","background-position":"center center","background-size":"auto","background-attachment":"scroll","background-type":"","background-media":"","overlay-type":"","overlay-color":"","overlay-opacity":"","overlay-gradient":""},"tablet":{"background-color":"","background-image":"","background-repeat":"repeat","background-position":"center center","background-size":"auto","background-attachment":"scroll","background-type":"","background-media":"","overlay-type":"","overlay-color":"","overlay-opacity":"","overlay-gradient":""},"mobile":{"background-color":"","background-image":"","background-repeat":"repeat","background-position":"center center","background-size":"auto","background-attachment":"scroll","background-type":"","background-media":"","overlay-type":"","overlay-color":"","overlay-opacity":"","overlay-gradient":""}},"ast-content-background-meta":{"desktop":{"background-color":"var(--ast-global-color-5)","background-image":"","background-repeat":"repeat","background-position":"center center","background-size":"auto","background-attachment":"scroll","background-type":"","background-media":"","overlay-type":"","overlay-color":"","overlay-opacity":"","overlay-gradient":""},"tablet":{"background-color":"var(--ast-global-color-5)","background-image":"","background-repeat":"repeat","background-position":"center center","background-size":"auto","background-attachment":"scroll","background-type":"","background-media":"","overlay-type":"","overlay-color":"","overlay-opacity":"","overlay-gradient":""},"mobile":{"background-color":"var(--ast-global-color-5)","background-image":"","background-repeat":"repeat","background-position":"center center","background-size":"auto","background-attachment":"scroll","background-type":"","background-media":"","overlay-type":"","overlay-color":"","overlay-opacity":"","overlay-gradient":""}},"_joinchat":[]},"product_brand":[],"product_cat":[27,24],"product_tag":[167],"class_list":{"0":"post-923","1":"product","2":"type-product","3":"status-publish","4":"has-post-thumbnail","6":"product_cat-motores-nitro","7":"product_cat-rodamientos","8":"product_tag-14-5x26x6","9":"desktop-align-left","10":"tablet-align-left","11":"mobile-align-left","13":"first","14":"instock","15":"shipping-taxable","16":"purchasable","17":"product-type-simple"},"yoast_head":"<!-- This site is optimized with the Yoast SEO plugin v27.5 - https:\/\/yoast.com\/product\/yoast-seo-wordpress\/ -->\n<title>Ceramic Engine Bearing - Encontralos en MHTHOBBY Puerto Madryn<\/title>\n<meta name=\"description\" content=\"Ceramic Engine Bearing - Estos rodamientos cer\u00e1micos de 14.5x26x6 mm cuentan con nuestras bolas de cer\u00e1mica de nitruro de silicio.MHTHOBBY\" \/>\n<meta name=\"robots\" content=\"index, follow, max-snippet:-1, max-image-preview:large, max-video-preview:-1\" \/>\n<link rel=\"canonical\" href=\"https:\/\/mhthobbyracing.com.ar\/index.php\/producto\/ceramic-engine-bearing-14-5x26x6\/\" \/>\n<meta property=\"og:locale\" content=\"es_ES\" \/>\n<meta property=\"og:type\" content=\"article\" \/>\n<meta property=\"og:title\" content=\"Ceramic Engine Bearing - Encontralos en MHTHOBBY Puerto Madryn\" \/>\n<meta property=\"og:description\" content=\"Ceramic Engine Bearing - Estos rodamientos cer\u00e1micos de 14.5x26x6 mm cuentan con nuestras bolas de cer\u00e1mica de nitruro de silicio.MHTHOBBY\" \/>\n<meta property=\"og:url\" content=\"https:\/\/mhthobbyracing.com.ar\/index.php\/producto\/ceramic-engine-bearing-14-5x26x6\/\" \/>\n<meta property=\"og:site_name\" content=\"Racing Team\" \/>\n<meta property=\"article:modified_time\" content=\"2026-05-01T00:44:37+00:00\" \/>\n<meta property=\"og:image\" content=\"https:\/\/mhthobbyracing.com.ar\/wp-content\/uploads\/2020\/12\/14x25.8x6.jpg\" \/>\n\t<meta property=\"og:image:width\" content=\"1080\" \/>\n\t<meta property=\"og:image:height\" content=\"1271\" \/>\n\t<meta property=\"og:image:type\" content=\"image\/jpeg\" \/>\n<meta name=\"twitter:card\" content=\"summary_large_image\" \/>\n<meta name=\"twitter:label1\" content=\"Tiempo de lectura\" \/>\n\t<meta name=\"twitter:data1\" content=\"1 minuto\" \/>\n<script type=\"application\/ld+json\" class=\"yoast-schema-graph\">{\"@context\":\"https:\\\/\\\/schema.org\",\"@graph\":[{\"@type\":\"WebPage\",\"@id\":\"https:\\\/\\\/mhthobbyracing.com.ar\\\/index.php\\\/producto\\\/ceramic-engine-bearing-14-5x26x6\\\/\",\"url\":\"https:\\\/\\\/mhthobbyracing.com.ar\\\/index.php\\\/producto\\\/ceramic-engine-bearing-14-5x26x6\\\/\",\"name\":\"Ceramic Engine Bearing - Encontralos en MHTHOBBY Puerto Madryn\",\"isPartOf\":{\"@id\":\"https:\\\/\\\/mhthobbyracing.com.ar\\\/#website\"},\"primaryImageOfPage\":{\"@id\":\"https:\\\/\\\/mhthobbyracing.com.ar\\\/index.php\\\/producto\\\/ceramic-engine-bearing-14-5x26x6\\\/#primaryimage\"},\"image\":{\"@id\":\"https:\\\/\\\/mhthobbyracing.com.ar\\\/index.php\\\/producto\\\/ceramic-engine-bearing-14-5x26x6\\\/#primaryimage\"},\"thumbnailUrl\":\"https:\\\/\\\/mhthobbyracing.com.ar\\\/wp-content\\\/uploads\\\/2020\\\/12\\\/14x25.8x6.jpg\",\"datePublished\":\"2020-12-31T17:40:08+00:00\",\"dateModified\":\"2026-05-01T00:44:37+00:00\",\"description\":\"Ceramic Engine Bearing - Estos rodamientos cer\u00e1micos de 14.5x26x6 mm cuentan con nuestras bolas de cer\u00e1mica de nitruro de silicio.MHTHOBBY\",\"breadcrumb\":{\"@id\":\"https:\\\/\\\/mhthobbyracing.com.ar\\\/index.php\\\/producto\\\/ceramic-engine-bearing-14-5x26x6\\\/#breadcrumb\"},\"inLanguage\":\"es-AR\",\"potentialAction\":[{\"@type\":\"ReadAction\",\"target\":[\"https:\\\/\\\/mhthobbyracing.com.ar\\\/index.php\\\/producto\\\/ceramic-engine-bearing-14-5x26x6\\\/\"]}]},{\"@type\":\"ImageObject\",\"inLanguage\":\"es-AR\",\"@id\":\"https:\\\/\\\/mhthobbyracing.com.ar\\\/index.php\\\/producto\\\/ceramic-engine-bearing-14-5x26x6\\\/#primaryimage\",\"url\":\"https:\\\/\\\/mhthobbyracing.com.ar\\\/wp-content\\\/uploads\\\/2020\\\/12\\\/14x25.8x6.jpg\",\"contentUrl\":\"https:\\\/\\\/mhthobbyracing.com.ar\\\/wp-content\\\/uploads\\\/2020\\\/12\\\/14x25.8x6.jpg\",\"width\":1080,\"height\":1271,\"caption\":\"14.5x26x6 Engine Bearing\"},{\"@type\":\"BreadcrumbList\",\"@id\":\"https:\\\/\\\/mhthobbyracing.com.ar\\\/index.php\\\/producto\\\/ceramic-engine-bearing-14-5x26x6\\\/#breadcrumb\",\"itemListElement\":[{\"@type\":\"ListItem\",\"position\":1,\"name\":\"Inicio\",\"item\":\"https:\\\/\\\/mhthobbyracing.com.ar\\\/\"},{\"@type\":\"ListItem\",\"position\":2,\"name\":\"Productos\",\"item\":\"https:\\\/\\\/mhthobbyracing.com.ar\\\/index.php\\\/inicio\\\/tienda\\\/\"},{\"@type\":\"ListItem\",\"position\":3,\"name\":\"Ceramic Engine Bearing 14.5x26x6\"}]},{\"@type\":\"WebSite\",\"@id\":\"https:\\\/\\\/mhthobbyracing.com.ar\\\/#website\",\"url\":\"https:\\\/\\\/mhthobbyracing.com.ar\\\/\",\"name\":\"MHT-Hobby- Racing Team\",\"description\":\"Hobby Automodelismo\",\"publisher\":{\"@id\":\"https:\\\/\\\/mhthobbyracing.com.ar\\\/#\\\/schema\\\/person\\\/a6a6ed9c2713fc1826eb2541c6a3e9d1\"},\"potentialAction\":[{\"@type\":\"SearchAction\",\"target\":{\"@type\":\"EntryPoint\",\"urlTemplate\":\"https:\\\/\\\/mhthobbyracing.com.ar\\\/?s={search_term_string}\"},\"query-input\":{\"@type\":\"PropertyValueSpecification\",\"valueRequired\":true,\"valueName\":\"search_term_string\"}}],\"inLanguage\":\"es-AR\"},{\"@type\":[\"Person\",\"Organization\"],\"@id\":\"https:\\\/\\\/mhthobbyracing.com.ar\\\/#\\\/schema\\\/person\\\/a6a6ed9c2713fc1826eb2541c6a3e9d1\",\"name\":\"ecomusicpm\",\"image\":{\"@type\":\"ImageObject\",\"inLanguage\":\"es-AR\",\"@id\":\"https:\\\/\\\/mhthobbyracing.com.ar\\\/wp-content\\\/uploads\\\/2020\\\/05\\\/cropped-LOGO-MHT16523-1.png\",\"url\":\"https:\\\/\\\/mhthobbyracing.com.ar\\\/wp-content\\\/uploads\\\/2020\\\/05\\\/cropped-LOGO-MHT16523-1.png\",\"contentUrl\":\"https:\\\/\\\/mhthobbyracing.com.ar\\\/wp-content\\\/uploads\\\/2020\\\/05\\\/cropped-LOGO-MHT16523-1.png\",\"width\":1578,\"height\":564,\"caption\":\"ecomusicpm\"},\"logo\":{\"@id\":\"https:\\\/\\\/mhthobbyracing.com.ar\\\/wp-content\\\/uploads\\\/2020\\\/05\\\/cropped-LOGO-MHT16523-1.png\"},\"sameAs\":[\"http:\\\/\\\/mhthobbyracing.com.ar\"]}]}<\/script>\n<!-- \/ Yoast SEO plugin. -->","yoast_head_json":{"title":"Ceramic Engine Bearing - Encontralos en MHTHOBBY Puerto Madryn","description":"Ceramic Engine Bearing - Estos rodamientos cer\u00e1micos de 14.5x26x6 mm cuentan con nuestras bolas de cer\u00e1mica de nitruro de silicio.MHTHOBBY","robots":{"index":"index","follow":"follow","max-snippet":"max-snippet:-1","max-image-preview":"max-image-preview:large","max-video-preview":"max-video-preview:-1"},"canonical":"https:\/\/mhthobbyracing.com.ar\/index.php\/producto\/ceramic-engine-bearing-14-5x26x6\/","og_locale":"es_ES","og_type":"article","og_title":"Ceramic Engine Bearing - Encontralos en MHTHOBBY Puerto Madryn","og_description":"Ceramic Engine Bearing - Estos rodamientos cer\u00e1micos de 14.5x26x6 mm cuentan con nuestras bolas de cer\u00e1mica de nitruro de silicio.MHTHOBBY","og_url":"https:\/\/mhthobbyracing.com.ar\/index.php\/producto\/ceramic-engine-bearing-14-5x26x6\/","og_site_name":"Racing Team","article_modified_time":"2026-05-01T00:44:37+00:00","og_image":[{"width":1080,"height":1271,"url":"https:\/\/mhthobbyracing.com.ar\/wp-content\/uploads\/2020\/12\/14x25.8x6.jpg","type":"image\/jpeg"}],"twitter_card":"summary_large_image","twitter_misc":{"Tiempo de lectura":"1 minuto"},"schema":{"@context":"https:\/\/schema.org","@graph":[{"@type":"WebPage","@id":"https:\/\/mhthobbyracing.com.ar\/index.php\/producto\/ceramic-engine-bearing-14-5x26x6\/","url":"https:\/\/mhthobbyracing.com.ar\/index.php\/producto\/ceramic-engine-bearing-14-5x26x6\/","name":"Ceramic Engine Bearing - Encontralos en MHTHOBBY Puerto Madryn","isPartOf":{"@id":"https:\/\/mhthobbyracing.com.ar\/#website"},"primaryImageOfPage":{"@id":"https:\/\/mhthobbyracing.com.ar\/index.php\/producto\/ceramic-engine-bearing-14-5x26x6\/#primaryimage"},"image":{"@id":"https:\/\/mhthobbyracing.com.ar\/index.php\/producto\/ceramic-engine-bearing-14-5x26x6\/#primaryimage"},"thumbnailUrl":"https:\/\/mhthobbyracing.com.ar\/wp-content\/uploads\/2020\/12\/14x25.8x6.jpg","datePublished":"2020-12-31T17:40:08+00:00","dateModified":"2026-05-01T00:44:37+00:00","description":"Ceramic Engine Bearing - Estos rodamientos cer\u00e1micos de 14.5x26x6 mm cuentan con nuestras bolas de cer\u00e1mica de nitruro de silicio.MHTHOBBY","breadcrumb":{"@id":"https:\/\/mhthobbyracing.com.ar\/index.php\/producto\/ceramic-engine-bearing-14-5x26x6\/#breadcrumb"},"inLanguage":"es-AR","potentialAction":[{"@type":"ReadAction","target":["https:\/\/mhthobbyracing.com.ar\/index.php\/producto\/ceramic-engine-bearing-14-5x26x6\/"]}]},{"@type":"ImageObject","inLanguage":"es-AR","@id":"https:\/\/mhthobbyracing.com.ar\/index.php\/producto\/ceramic-engine-bearing-14-5x26x6\/#primaryimage","url":"https:\/\/mhthobbyracing.com.ar\/wp-content\/uploads\/2020\/12\/14x25.8x6.jpg","contentUrl":"https:\/\/mhthobbyracing.com.ar\/wp-content\/uploads\/2020\/12\/14x25.8x6.jpg","width":1080,"height":1271,"caption":"14.5x26x6 Engine Bearing"},{"@type":"BreadcrumbList","@id":"https:\/\/mhthobbyracing.com.ar\/index.php\/producto\/ceramic-engine-bearing-14-5x26x6\/#breadcrumb","itemListElement":[{"@type":"ListItem","position":1,"name":"Inicio","item":"https:\/\/mhthobbyracing.com.ar\/"},{"@type":"ListItem","position":2,"name":"Productos","item":"https:\/\/mhthobbyracing.com.ar\/index.php\/inicio\/tienda\/"},{"@type":"ListItem","position":3,"name":"Ceramic Engine Bearing 14.5x26x6"}]},{"@type":"WebSite","@id":"https:\/\/mhthobbyracing.com.ar\/#website","url":"https:\/\/mhthobbyracing.com.ar\/","name":"MHT-Hobby- Racing Team","description":"Hobby Automodelismo","publisher":{"@id":"https:\/\/mhthobbyracing.com.ar\/#\/schema\/person\/a6a6ed9c2713fc1826eb2541c6a3e9d1"},"potentialAction":[{"@type":"SearchAction","target":{"@type":"EntryPoint","urlTemplate":"https:\/\/mhthobbyracing.com.ar\/?s={search_term_string}"},"query-input":{"@type":"PropertyValueSpecification","valueRequired":true,"valueName":"search_term_string"}}],"inLanguage":"es-AR"},{"@type":["Person","Organization"],"@id":"https:\/\/mhthobbyracing.com.ar\/#\/schema\/person\/a6a6ed9c2713fc1826eb2541c6a3e9d1","name":"ecomusicpm","image":{"@type":"ImageObject","inLanguage":"es-AR","@id":"https:\/\/mhthobbyracing.com.ar\/wp-content\/uploads\/2020\/05\/cropped-LOGO-MHT16523-1.png","url":"https:\/\/mhthobbyracing.com.ar\/wp-content\/uploads\/2020\/05\/cropped-LOGO-MHT16523-1.png","contentUrl":"https:\/\/mhthobbyracing.com.ar\/wp-content\/uploads\/2020\/05\/cropped-LOGO-MHT16523-1.png","width":1578,"height":564,"caption":"ecomusicpm"},"logo":{"@id":"https:\/\/mhthobbyracing.com.ar\/wp-content\/uploads\/2020\/05\/cropped-LOGO-MHT16523-1.png"},"sameAs":["http:\/\/mhthobbyracing.com.ar"]}]}},"_links":{"self":[{"href":"https:\/\/mhthobbyracing.com.ar\/index.php\/wp-json\/wp\/v2\/product\/923","targetHints":{"allow":["GET"]}}],"collection":[{"href":"https:\/\/mhthobbyracing.com.ar\/index.php\/wp-json\/wp\/v2\/product"}],"about":[{"href":"https:\/\/mhthobbyracing.com.ar\/index.php\/wp-json\/wp\/v2\/types\/product"}],"replies":[{"embeddable":true,"href":"https:\/\/mhthobbyracing.com.ar\/index.php\/wp-json\/wp\/v2\/comments?post=923"}],"wp:featuredmedia":[{"embeddable":true,"href":"https:\/\/mhthobbyracing.com.ar\/index.php\/wp-json\/wp\/v2\/media\/924"}],"wp:attachment":[{"href":"https:\/\/mhthobbyracing.com.ar\/index.php\/wp-json\/wp\/v2\/media?parent=923"}],"wp:term":[{"taxonomy":"product_brand","embeddable":true,"href":"https:\/\/mhthobbyracing.com.ar\/index.php\/wp-json\/wp\/v2\/product_brand?post=923"},{"taxonomy":"product_cat","embeddable":true,"href":"https:\/\/mhthobbyracing.com.ar\/index.php\/wp-json\/wp\/v2\/product_cat?post=923"},{"taxonomy":"product_tag","embeddable":true,"href":"https:\/\/mhthobbyracing.com.ar\/index.php\/wp-json\/wp\/v2\/product_tag?post=923"}],"curies":[{"name":"wp","href":"https:\/\/api.w.org\/{rel}","templated":true}]}}