{"id":934,"date":"2020-12-31T18:24:22","date_gmt":"2020-12-31T21:24:22","guid":{"rendered":"https:\/\/mhthobbyracing.com.ar\/?post_type=product&#038;p=934"},"modified":"2025-12-03T12:17:55","modified_gmt":"2025-12-03T15:17:55","slug":"reedy-zappers-5200","status":"publish","type":"product","link":"https:\/\/mhthobbyracing.com.ar\/index.php\/producto\/reedy-zappers-5200\/","title":{"rendered":"Part#:27354 Reedy Zappers 5200"},"content":{"rendered":"<p>Reedy Zappers 5200<\/p>\n<p><strong>\u200eQu\u00edmica LiPo de \u00faltima generaci\u00f3n\u200e<\/strong><\/p>\n<p>\u200e\u00a1Nuevo para 2021, Reedy Zappers SG3 HV-LiPo<\/p>\n<p>Las bater\u00edas Zappers SG3 cuentan con una qu\u00edmica LiPo de \u00faltima generaci\u00f3n con \u00e9nfasis en una menor resistencia interna con mayor durabilidad y vida \u00fatil del ciclo.<\/p>\n<p>M\u00e1s potencia, durabilidad mejorada y alta capacidad proporcionan un rendimiento de clase mundial,<\/p>\n<p>lo que convierte a Zappers SG3 en la mejor opci\u00f3n para aquellos que se toman en serio ganar. \u200e<\/p>\n<p>\u200e Las bater\u00edas Zappers SG3 cuentan con un voltaje nominal de 3.8V\/celda, lo que significa que la bater\u00eda se puede cargar de forma segura a 4.35V\/cell. \u200e<br \/>\n\u200e No es un secreto que m\u00e1s voltaje es igual a m\u00e1s potencia, por lo que no hay manera m\u00e1s f\u00e1cil de aumentar la potencia y la velocidad m\u00e1xima que un voltaje de carga m\u00e1s alto!<\/p>\n<p>Incluso cuando se aplica el l\u00edmite de carga t\u00edpico de 4.20V\/c\u00e9lula.<\/p>\n<p>Las c\u00e9lulas Zappers SG3 brillan gracias a su curva de descarga inherentemente plana; por lo que resulta en un mayor voltaje m\u00e1s profundo en la carrera. \u200e<\/p>\n<p>\u200e Las bater\u00edas Zappers SG3 est\u00e1n disponibles en varias configuraciones para una variedad de aplicaciones en carretera y \u200e<br \/>\n\u200e todoterreno.<\/p>\n<p>Una carcasa dura duradera y de alta calidad ayuda a prevenir da\u00f1os, mientras que los conectores de enchufe integrados mantienen la resistencia al robo de energ\u00eda al m\u00ednimo.<\/p>\n<p>Se incluyen conectores MACHO ESC. \u200e\u200e La tecnolog\u00eda de bater\u00eda LiPo contin\u00faa progresando<\/p>\n<p>Reedy se compromete a ofrecer un mejor rendimiento a las masas. \u200e<\/p>\n<p>\u200e\u200eCaracter\u00edsticas qu\u00edmica LiPo de \u00faltima generaci\u00f3n Reducci\u00f3n de IR y peso<\/p>\n<p>Tensi\u00f3n media elevada M\u00e1xima durabilidad y ciclo-vida<\/p>\n<p>Caja dura duradera con conectores de baja resistencia .<\/p>\n<p>Construidos seg\u00fan las especificaciones<\/p>\n<p>ROAR\/EFRA\/BRCA\/IFMAR<\/p>\n<p>Especificaciones Capacidad: 5200mAh<\/p>\n<p>Voltaje: 15.2V (4S)<\/p>\n<p>Dimensiones (mm): 138&#215;46.8&#215;38.2 Max.<\/p>\n<p>Velocidad de carga: 10.2A<\/p>\n<p>Corriente de descarga: 115C<\/p>\n<p>Peso (g): 472 Z\u00f3calo: 472\u200e<\/p>\n<p>Reedy Zappers 5200<\/p>\n<p>Visit\u00e1:<a href=\"https:\/\/www.associatedelectrics.com\/reedy\">https:\/\/www.associatedelectrics.com\/reedy<\/a><\/p>\n<p>Te puede interesar:<a href=\"https:\/\/mhthobbyracing.com.ar\/\">https:\/\/mhthobbyracing.com.ar\/<\/a><\/p>\n","protected":false},"excerpt":{"rendered":"<p>Reedy Zappers 5200<\/p>\n","protected":false},"featured_media":935,"comment_status":"open","ping_status":"closed","template":"","meta":{"site-sidebar-layout":"default","site-content-layout":"default","ast-site-content-layout":"","site-content-style":"default","site-sidebar-style":"default","ast-global-header-display":"","ast-banner-title-visibility":"","ast-main-header-display":"","ast-hfb-above-header-display":"","ast-hfb-below-header-display":"","ast-hfb-mobile-header-display":"","site-post-title":"","ast-breadcrumbs-content":"","ast-featured-img":"","footer-sml-layout":"","theme-transparent-header-meta":"default","adv-header-id-meta":"","stick-header-meta":"","header-above-stick-meta":"","header-main-stick-meta":"","header-below-stick-meta":"","astra-migrate-meta-layouts":"default","ast-page-background-enabled":"default","ast-page-background-meta":{"desktop":{"background-color":"","background-image":"","background-repeat":"repeat","background-position":"center center","background-size":"auto","background-attachment":"scroll","background-type":"","background-media":"","overlay-type":"","overlay-color":"","overlay-opacity":"","overlay-gradient":""},"tablet":{"background-color":"","background-image":"","background-repeat":"repeat","background-position":"center center","background-size":"auto","background-attachment":"scroll","background-type":"","background-media":"","overlay-type":"","overlay-color":"","overlay-opacity":"","overlay-gradient":""},"mobile":{"background-color":"","background-image":"","background-repeat":"repeat","background-position":"center center","background-size":"auto","background-attachment":"scroll","background-type":"","background-media":"","overlay-type":"","overlay-color":"","overlay-opacity":"","overlay-gradient":""}},"ast-content-background-meta":{"desktop":{"background-color":"var(--ast-global-color-5)","background-image":"","background-repeat":"repeat","background-position":"center center","background-size":"auto","background-attachment":"scroll","background-type":"","background-media":"","overlay-type":"","overlay-color":"","overlay-opacity":"","overlay-gradient":""},"tablet":{"background-color":"var(--ast-global-color-5)","background-image":"","background-repeat":"repeat","background-position":"center center","background-size":"auto","background-attachment":"scroll","background-type":"","background-media":"","overlay-type":"","overlay-color":"","overlay-opacity":"","overlay-gradient":""},"mobile":{"background-color":"var(--ast-global-color-5)","background-image":"","background-repeat":"repeat","background-position":"center center","background-size":"auto","background-attachment":"scroll","background-type":"","background-media":"","overlay-type":"","overlay-color":"","overlay-opacity":"","overlay-gradient":""}},"_joinchat":[]},"product_brand":[275],"product_cat":[29],"product_tag":[171],"class_list":{"0":"post-934","1":"product","2":"type-product","3":"status-publish","4":"has-post-thumbnail","6":"product_brand-reedy","7":"product_cat-baterias","8":"product_tag-reedy-zappers","9":"desktop-align-left","10":"tablet-align-left","11":"mobile-align-left","13":"first","14":"instock","15":"shipping-taxable","16":"purchasable","17":"product-type-simple"},"yoast_head":"<!-- This site is optimized with the Yoast SEO plugin v27.5 - https:\/\/yoast.com\/product\/yoast-seo-wordpress\/ -->\n<title>Reedy Zappers 5200 - encontralas en MHTHOBBY Puerto Madryn<\/title>\n<meta name=\"description\" content=\"Reedy Zappers 5200 - Las bater\u00edas Zappers SG3 cuentan con una qu\u00edmica LiPo de \u00faltima generaci\u00f3n. Est\u00e1n en MHTHOBBY Distribuidor oficial Reedy\" \/>\n<meta name=\"robots\" content=\"index, follow, max-snippet:-1, max-image-preview:large, max-video-preview:-1\" \/>\n<link rel=\"canonical\" href=\"https:\/\/mhthobbyracing.com.ar\/index.php\/producto\/reedy-zappers-5200\/\" \/>\n<meta property=\"og:locale\" content=\"es_ES\" \/>\n<meta property=\"og:type\" content=\"article\" \/>\n<meta property=\"og:title\" content=\"Reedy Zappers 5200 - encontralas en MHTHOBBY Puerto Madryn\" \/>\n<meta property=\"og:description\" content=\"Reedy Zappers 5200 - Las bater\u00edas Zappers SG3 cuentan con una qu\u00edmica LiPo de \u00faltima generaci\u00f3n. Est\u00e1n en MHTHOBBY Distribuidor oficial Reedy\" \/>\n<meta property=\"og:url\" content=\"https:\/\/mhthobbyracing.com.ar\/index.php\/producto\/reedy-zappers-5200\/\" \/>\n<meta property=\"og:site_name\" content=\"Racing Team\" \/>\n<meta property=\"article:modified_time\" content=\"2025-12-03T15:17:55+00:00\" \/>\n<meta property=\"og:image\" content=\"https:\/\/mhthobbyracing.com.ar\/wp-content\/uploads\/2020\/12\/27354_lg.jpg\" \/>\n\t<meta property=\"og:image:width\" content=\"1500\" \/>\n\t<meta property=\"og:image:height\" content=\"1109\" \/>\n\t<meta property=\"og:image:type\" content=\"image\/jpeg\" \/>\n<meta name=\"twitter:card\" content=\"summary_large_image\" \/>\n<meta name=\"twitter:label1\" content=\"Tiempo de lectura\" \/>\n\t<meta name=\"twitter:data1\" content=\"2 minutos\" \/>\n<script type=\"application\/ld+json\" class=\"yoast-schema-graph\">{\"@context\":\"https:\\\/\\\/schema.org\",\"@graph\":[{\"@type\":\"WebPage\",\"@id\":\"https:\\\/\\\/mhthobbyracing.com.ar\\\/index.php\\\/producto\\\/reedy-zappers-5200\\\/\",\"url\":\"https:\\\/\\\/mhthobbyracing.com.ar\\\/index.php\\\/producto\\\/reedy-zappers-5200\\\/\",\"name\":\"Reedy Zappers 5200 - encontralas en MHTHOBBY Puerto Madryn\",\"isPartOf\":{\"@id\":\"https:\\\/\\\/mhthobbyracing.com.ar\\\/#website\"},\"primaryImageOfPage\":{\"@id\":\"https:\\\/\\\/mhthobbyracing.com.ar\\\/index.php\\\/producto\\\/reedy-zappers-5200\\\/#primaryimage\"},\"image\":{\"@id\":\"https:\\\/\\\/mhthobbyracing.com.ar\\\/index.php\\\/producto\\\/reedy-zappers-5200\\\/#primaryimage\"},\"thumbnailUrl\":\"https:\\\/\\\/mhthobbyracing.com.ar\\\/wp-content\\\/uploads\\\/2020\\\/12\\\/27354_lg.jpg\",\"datePublished\":\"2020-12-31T21:24:22+00:00\",\"dateModified\":\"2025-12-03T15:17:55+00:00\",\"description\":\"Reedy Zappers 5200 - Las bater\u00edas Zappers SG3 cuentan con una qu\u00edmica LiPo de \u00faltima generaci\u00f3n. Est\u00e1n en MHTHOBBY Distribuidor oficial Reedy\",\"breadcrumb\":{\"@id\":\"https:\\\/\\\/mhthobbyracing.com.ar\\\/index.php\\\/producto\\\/reedy-zappers-5200\\\/#breadcrumb\"},\"inLanguage\":\"es-AR\",\"potentialAction\":[{\"@type\":\"ReadAction\",\"target\":[\"https:\\\/\\\/mhthobbyracing.com.ar\\\/index.php\\\/producto\\\/reedy-zappers-5200\\\/\"]}]},{\"@type\":\"ImageObject\",\"inLanguage\":\"es-AR\",\"@id\":\"https:\\\/\\\/mhthobbyracing.com.ar\\\/index.php\\\/producto\\\/reedy-zappers-5200\\\/#primaryimage\",\"url\":\"https:\\\/\\\/mhthobbyracing.com.ar\\\/wp-content\\\/uploads\\\/2020\\\/12\\\/27354_lg.jpg\",\"contentUrl\":\"https:\\\/\\\/mhthobbyracing.com.ar\\\/wp-content\\\/uploads\\\/2020\\\/12\\\/27354_lg.jpg\",\"width\":1500,\"height\":1109,\"caption\":\"Reedy Zappers 5200\"},{\"@type\":\"BreadcrumbList\",\"@id\":\"https:\\\/\\\/mhthobbyracing.com.ar\\\/index.php\\\/producto\\\/reedy-zappers-5200\\\/#breadcrumb\",\"itemListElement\":[{\"@type\":\"ListItem\",\"position\":1,\"name\":\"Inicio\",\"item\":\"https:\\\/\\\/mhthobbyracing.com.ar\\\/\"},{\"@type\":\"ListItem\",\"position\":2,\"name\":\"Productos\",\"item\":\"https:\\\/\\\/mhthobbyracing.com.ar\\\/index.php\\\/inicio\\\/tienda\\\/\"},{\"@type\":\"ListItem\",\"position\":3,\"name\":\"Part#:27354 Reedy Zappers 5200\"}]},{\"@type\":\"WebSite\",\"@id\":\"https:\\\/\\\/mhthobbyracing.com.ar\\\/#website\",\"url\":\"https:\\\/\\\/mhthobbyracing.com.ar\\\/\",\"name\":\"MHT-Hobby- Racing Team\",\"description\":\"Hobby Automodelismo\",\"publisher\":{\"@id\":\"https:\\\/\\\/mhthobbyracing.com.ar\\\/#\\\/schema\\\/person\\\/a6a6ed9c2713fc1826eb2541c6a3e9d1\"},\"potentialAction\":[{\"@type\":\"SearchAction\",\"target\":{\"@type\":\"EntryPoint\",\"urlTemplate\":\"https:\\\/\\\/mhthobbyracing.com.ar\\\/?s={search_term_string}\"},\"query-input\":{\"@type\":\"PropertyValueSpecification\",\"valueRequired\":true,\"valueName\":\"search_term_string\"}}],\"inLanguage\":\"es-AR\"},{\"@type\":[\"Person\",\"Organization\"],\"@id\":\"https:\\\/\\\/mhthobbyracing.com.ar\\\/#\\\/schema\\\/person\\\/a6a6ed9c2713fc1826eb2541c6a3e9d1\",\"name\":\"ecomusicpm\",\"image\":{\"@type\":\"ImageObject\",\"inLanguage\":\"es-AR\",\"@id\":\"https:\\\/\\\/mhthobbyracing.com.ar\\\/wp-content\\\/uploads\\\/2020\\\/05\\\/cropped-LOGO-MHT16523-1.png\",\"url\":\"https:\\\/\\\/mhthobbyracing.com.ar\\\/wp-content\\\/uploads\\\/2020\\\/05\\\/cropped-LOGO-MHT16523-1.png\",\"contentUrl\":\"https:\\\/\\\/mhthobbyracing.com.ar\\\/wp-content\\\/uploads\\\/2020\\\/05\\\/cropped-LOGO-MHT16523-1.png\",\"width\":1578,\"height\":564,\"caption\":\"ecomusicpm\"},\"logo\":{\"@id\":\"https:\\\/\\\/mhthobbyracing.com.ar\\\/wp-content\\\/uploads\\\/2020\\\/05\\\/cropped-LOGO-MHT16523-1.png\"},\"sameAs\":[\"http:\\\/\\\/mhthobbyracing.com.ar\"]}]}<\/script>\n<!-- \/ Yoast SEO plugin. -->","yoast_head_json":{"title":"Reedy Zappers 5200 - encontralas en MHTHOBBY Puerto Madryn","description":"Reedy Zappers 5200 - Las bater\u00edas Zappers SG3 cuentan con una qu\u00edmica LiPo de \u00faltima generaci\u00f3n. Est\u00e1n en MHTHOBBY Distribuidor oficial Reedy","robots":{"index":"index","follow":"follow","max-snippet":"max-snippet:-1","max-image-preview":"max-image-preview:large","max-video-preview":"max-video-preview:-1"},"canonical":"https:\/\/mhthobbyracing.com.ar\/index.php\/producto\/reedy-zappers-5200\/","og_locale":"es_ES","og_type":"article","og_title":"Reedy Zappers 5200 - encontralas en MHTHOBBY Puerto Madryn","og_description":"Reedy Zappers 5200 - Las bater\u00edas Zappers SG3 cuentan con una qu\u00edmica LiPo de \u00faltima generaci\u00f3n. Est\u00e1n en MHTHOBBY Distribuidor oficial Reedy","og_url":"https:\/\/mhthobbyracing.com.ar\/index.php\/producto\/reedy-zappers-5200\/","og_site_name":"Racing Team","article_modified_time":"2025-12-03T15:17:55+00:00","og_image":[{"width":1500,"height":1109,"url":"https:\/\/mhthobbyracing.com.ar\/wp-content\/uploads\/2020\/12\/27354_lg.jpg","type":"image\/jpeg"}],"twitter_card":"summary_large_image","twitter_misc":{"Tiempo de lectura":"2 minutos"},"schema":{"@context":"https:\/\/schema.org","@graph":[{"@type":"WebPage","@id":"https:\/\/mhthobbyracing.com.ar\/index.php\/producto\/reedy-zappers-5200\/","url":"https:\/\/mhthobbyracing.com.ar\/index.php\/producto\/reedy-zappers-5200\/","name":"Reedy Zappers 5200 - encontralas en MHTHOBBY Puerto Madryn","isPartOf":{"@id":"https:\/\/mhthobbyracing.com.ar\/#website"},"primaryImageOfPage":{"@id":"https:\/\/mhthobbyracing.com.ar\/index.php\/producto\/reedy-zappers-5200\/#primaryimage"},"image":{"@id":"https:\/\/mhthobbyracing.com.ar\/index.php\/producto\/reedy-zappers-5200\/#primaryimage"},"thumbnailUrl":"https:\/\/mhthobbyracing.com.ar\/wp-content\/uploads\/2020\/12\/27354_lg.jpg","datePublished":"2020-12-31T21:24:22+00:00","dateModified":"2025-12-03T15:17:55+00:00","description":"Reedy Zappers 5200 - Las bater\u00edas Zappers SG3 cuentan con una qu\u00edmica LiPo de \u00faltima generaci\u00f3n. Est\u00e1n en MHTHOBBY Distribuidor oficial Reedy","breadcrumb":{"@id":"https:\/\/mhthobbyracing.com.ar\/index.php\/producto\/reedy-zappers-5200\/#breadcrumb"},"inLanguage":"es-AR","potentialAction":[{"@type":"ReadAction","target":["https:\/\/mhthobbyracing.com.ar\/index.php\/producto\/reedy-zappers-5200\/"]}]},{"@type":"ImageObject","inLanguage":"es-AR","@id":"https:\/\/mhthobbyracing.com.ar\/index.php\/producto\/reedy-zappers-5200\/#primaryimage","url":"https:\/\/mhthobbyracing.com.ar\/wp-content\/uploads\/2020\/12\/27354_lg.jpg","contentUrl":"https:\/\/mhthobbyracing.com.ar\/wp-content\/uploads\/2020\/12\/27354_lg.jpg","width":1500,"height":1109,"caption":"Reedy Zappers 5200"},{"@type":"BreadcrumbList","@id":"https:\/\/mhthobbyracing.com.ar\/index.php\/producto\/reedy-zappers-5200\/#breadcrumb","itemListElement":[{"@type":"ListItem","position":1,"name":"Inicio","item":"https:\/\/mhthobbyracing.com.ar\/"},{"@type":"ListItem","position":2,"name":"Productos","item":"https:\/\/mhthobbyracing.com.ar\/index.php\/inicio\/tienda\/"},{"@type":"ListItem","position":3,"name":"Part#:27354 Reedy Zappers 5200"}]},{"@type":"WebSite","@id":"https:\/\/mhthobbyracing.com.ar\/#website","url":"https:\/\/mhthobbyracing.com.ar\/","name":"MHT-Hobby- Racing Team","description":"Hobby Automodelismo","publisher":{"@id":"https:\/\/mhthobbyracing.com.ar\/#\/schema\/person\/a6a6ed9c2713fc1826eb2541c6a3e9d1"},"potentialAction":[{"@type":"SearchAction","target":{"@type":"EntryPoint","urlTemplate":"https:\/\/mhthobbyracing.com.ar\/?s={search_term_string}"},"query-input":{"@type":"PropertyValueSpecification","valueRequired":true,"valueName":"search_term_string"}}],"inLanguage":"es-AR"},{"@type":["Person","Organization"],"@id":"https:\/\/mhthobbyracing.com.ar\/#\/schema\/person\/a6a6ed9c2713fc1826eb2541c6a3e9d1","name":"ecomusicpm","image":{"@type":"ImageObject","inLanguage":"es-AR","@id":"https:\/\/mhthobbyracing.com.ar\/wp-content\/uploads\/2020\/05\/cropped-LOGO-MHT16523-1.png","url":"https:\/\/mhthobbyracing.com.ar\/wp-content\/uploads\/2020\/05\/cropped-LOGO-MHT16523-1.png","contentUrl":"https:\/\/mhthobbyracing.com.ar\/wp-content\/uploads\/2020\/05\/cropped-LOGO-MHT16523-1.png","width":1578,"height":564,"caption":"ecomusicpm"},"logo":{"@id":"https:\/\/mhthobbyracing.com.ar\/wp-content\/uploads\/2020\/05\/cropped-LOGO-MHT16523-1.png"},"sameAs":["http:\/\/mhthobbyracing.com.ar"]}]}},"_links":{"self":[{"href":"https:\/\/mhthobbyracing.com.ar\/index.php\/wp-json\/wp\/v2\/product\/934","targetHints":{"allow":["GET"]}}],"collection":[{"href":"https:\/\/mhthobbyracing.com.ar\/index.php\/wp-json\/wp\/v2\/product"}],"about":[{"href":"https:\/\/mhthobbyracing.com.ar\/index.php\/wp-json\/wp\/v2\/types\/product"}],"replies":[{"embeddable":true,"href":"https:\/\/mhthobbyracing.com.ar\/index.php\/wp-json\/wp\/v2\/comments?post=934"}],"wp:featuredmedia":[{"embeddable":true,"href":"https:\/\/mhthobbyracing.com.ar\/index.php\/wp-json\/wp\/v2\/media\/935"}],"wp:attachment":[{"href":"https:\/\/mhthobbyracing.com.ar\/index.php\/wp-json\/wp\/v2\/media?parent=934"}],"wp:term":[{"taxonomy":"product_brand","embeddable":true,"href":"https:\/\/mhthobbyracing.com.ar\/index.php\/wp-json\/wp\/v2\/product_brand?post=934"},{"taxonomy":"product_cat","embeddable":true,"href":"https:\/\/mhthobbyracing.com.ar\/index.php\/wp-json\/wp\/v2\/product_cat?post=934"},{"taxonomy":"product_tag","embeddable":true,"href":"https:\/\/mhthobbyracing.com.ar\/index.php\/wp-json\/wp\/v2\/product_tag?post=934"}],"curies":[{"name":"wp","href":"https:\/\/api.w.org\/{rel}","templated":true}]}}